{"id":540,"date":"2016-06-29T03:43:52","date_gmt":"2016-06-29T03:43:52","guid":{"rendered":"http:\/\/www.fiestaclasica.org\/fr\/?page_id=540"},"modified":"2016-06-29T21:24:30","modified_gmt":"2016-06-29T21:24:30","slug":"presse","status":"publish","type":"page","link":"https:\/\/www.fiestaclasica.org\/fr\/presse\/","title":{"rendered":"Presse"},"content":{"rendered":"[vc_row center_row=\u00a0\u00bbyes\u00a0\u00bb][vc_column]<div class=\"vcex-module vcex-post-type-grid-wrap wpex-clr\"><div class=\"wpex-row vcex-post-type-grid entries wpex-clr\"><div class=\"vcex-post-type-entry vcex-grid-item wpex-clr col span_1_of_1 col-1 post-1113 entry type-testimonials has-media\"><div class=\"vcex-post-type-entry-inner entry-inner wpex-first-mt-0 wpex-last-mb-0 wpex-clr\"><div class=\"vcex-post-type-entry-media entry-media\"><a href=\"https:\/\/www.fiestaclasica.org\/fr\/Prensa\/visita-de-aisha-syed-a-fiesta-clasica\/\" title=\"Visita de Aisha Syed a Fiesta Cl\u00e1sica\"><img width=\"667\" height=\"443\" src=\"https:\/\/www.fiestaclasica.org\/wp-content\/uploads\/2017\/05\/VLA_5751.jpg\" class=\"vcex-blog-entry-img wpex-align-middle\" alt=\"\" decoding=\"async\" loading=\"lazy\" srcset=\"https:\/\/www.fiestaclasica.org\/wp-content\/uploads\/2017\/05\/VLA_5751.jpg 667w, https:\/\/www.fiestaclasica.org\/wp-content\/uploads\/2017\/05\/VLA_5751-300x199.jpg 300w\" sizes=\"(max-width: 667px) 100vw, 667px\" \/><\/a><\/div><div class=\"vcex-post-type-entry-details entry-details wpex-bordered wpex-first-mt-0 wpex-last-mb-0 wpex-clr\"><h2 class=\"vcex-post-type-entry-title entry-title wpex-mb-5\" ><a href=\"https:\/\/www.fiestaclasica.org\/fr\/Prensa\/visita-de-aisha-syed-a-fiesta-clasica\/\">Visita de Aisha Syed a Fiesta Cl\u00e1sica<\/a><\/h2 ><div class=\"vcex-post-type-entry-date entry-date wpex-text-sm wpex-text-3 wpex-mb-5\">3 mai, 2017<\/div><div class=\"vcex-post-type-entry-excerpt entry-excerpt wpex-my-15 wpex-last-mb-0 wpex-clr\"><p>Santo Domingo, Rep\u00fablica Dominicana (Mayo 2017) - La Fundaci\u00f3n Fiesta Cl\u00e1sica, Inc, recibi\u00f3 a la violinista internacional Aisha Syed en&hellip;<\/p><\/div><div class=\"vcex-post-type-entry-readmore-wrap entry-readmore-wrap wpex-my-15 wpex-clr\"><a href=\"https:\/\/www.fiestaclasica.org\/fr\/Prensa\/visita-de-aisha-syed-a-fiesta-clasica\/\" class=\"theme-button\" aria-label=\"&gt;&gt; Lire about Visita de Aisha Syed a Fiesta Cl\u00e1sica\">&gt;&gt; Lire<\/a><\/div><\/div><\/div><\/div><div class=\"vcex-post-type-entry vcex-grid-item wpex-clr col span_1_of_1 col-1 post-498 entry type-testimonials has-media\"><div class=\"vcex-post-type-entry-inner entry-inner wpex-first-mt-0 wpex-last-mb-0 wpex-clr\"><div class=\"vcex-post-type-entry-media entry-media\"><a href=\"https:\/\/www.fiestaclasica.org\/fr\/Prensa\/nace-la-fundacion-fiesta-clasica\/\" title=\"Naissance de la fondation \u201cFiesta Cl\u00e1sica\u201d\"><img width=\"667\" height=\"460\" src=\"https:\/\/www.fiestaclasica.org\/wp-content\/uploads\/2016\/04\/nace-la-fundacion-fiesta-clasica-2.jpeg\" class=\"vcex-blog-entry-img wpex-align-middle\" alt=\"\" decoding=\"async\" loading=\"lazy\" srcset=\"https:\/\/www.fiestaclasica.org\/wp-content\/uploads\/2016\/04\/nace-la-fundacion-fiesta-clasica-2.jpeg 667w, https:\/\/www.fiestaclasica.org\/wp-content\/uploads\/2016\/04\/nace-la-fundacion-fiesta-clasica-2-300x207.jpeg 300w\" sizes=\"(max-width: 667px) 100vw, 667px\" \/><\/a><\/div><div class=\"vcex-post-type-entry-details entry-details wpex-bordered wpex-first-mt-0 wpex-last-mb-0 wpex-clr\"><h2 class=\"vcex-post-type-entry-title entry-title wpex-mb-5\" ><a href=\"https:\/\/www.fiestaclasica.org\/fr\/Prensa\/nace-la-fundacion-fiesta-clasica\/\">Naissance de la fondation \u201cFiesta Cl\u00e1sica\u201d<\/a><\/h2 ><div class=\"vcex-post-type-entry-date entry-date wpex-text-sm wpex-text-3 wpex-mb-5\">28 juin, 2016<\/div><div class=\"vcex-post-type-entry-excerpt entry-excerpt wpex-my-15 wpex-last-mb-0 wpex-clr\"><p>List\u00edn Diario, 12 Octobre\u00a02015 Do\u00f1a Corinne Bouygues a organis\u00e9 un cocktail dans sa r\u00e9sidence situ\u00e9e au coeur de la Zone&hellip;<\/p><\/div><div class=\"vcex-post-type-entry-readmore-wrap entry-readmore-wrap wpex-my-15 wpex-clr\"><a href=\"https:\/\/www.fiestaclasica.org\/fr\/Prensa\/nace-la-fundacion-fiesta-clasica\/\" class=\"theme-button\" aria-label=\"&gt;&gt; Lire about Naissance de la fondation \u201cFiesta Cl\u00e1sica\u201d\">&gt;&gt; Lire<\/a><\/div><\/div><\/div><\/div><\/div><\/div>[\/vc_column][\/vc_row]\n","protected":false},"excerpt":{"rendered":"<p>[vc_row center_row=\u00a0\u00bbyes\u00a0\u00bb][vc_column][\/vc_column][\/vc_row]<\/p>\n","protected":false},"author":1,"featured_media":0,"parent":0,"menu_order":0,"comment_status":"closed","ping_status":"closed","template":"","meta":[],"categories":[],"tags":[],"yoast_head":"<!-- This site is optimized with the Yoast SEO plugin v20.7 - https:\/\/yoast.com\/wordpress\/plugins\/seo\/ -->\n<title>Presse - Fiesta Clasica<\/title>\n<meta name=\"robots\" content=\"index, follow, max-snippet:-1, max-image-preview:large, max-video-preview:-1\" \/>\n<link rel=\"canonical\" href=\"https:\/\/www.fiestaclasica.org\/fr\/presse\/\" \/>\n<meta property=\"og:locale\" content=\"fr_FR\" \/>\n<meta property=\"og:type\" content=\"article\" \/>\n<meta property=\"og:title\" content=\"Presse - Fiesta Clasica\" \/>\n<meta property=\"og:description\" content=\"[vc_row center_row=\u00a0\u00bbyes\u00a0\u00bb][vc_column][\/vc_column][\/vc_row]\" \/>\n<meta property=\"og:url\" content=\"https:\/\/www.fiestaclasica.org\/fr\/presse\/\" \/>\n<meta property=\"og:site_name\" content=\"Fiesta Clasica\" \/>\n<meta property=\"article:publisher\" content=\"https:\/\/www.facebook.com\/FiestaClasica\/\" \/>\n<meta property=\"article:modified_time\" content=\"2016-06-29T21:24:30+00:00\" \/>\n<meta name=\"twitter:card\" content=\"summary_large_image\" \/>\n<meta name=\"twitter:site\" content=\"@fiestaclasica\" \/>\n<script type=\"application\/ld+json\" class=\"yoast-schema-graph\">{\"@context\":\"https:\/\/schema.org\",\"@graph\":[{\"@type\":\"WebPage\",\"@id\":\"https:\/\/www.fiestaclasica.org\/fr\/presse\/\",\"url\":\"https:\/\/www.fiestaclasica.org\/fr\/presse\/\",\"name\":\"Presse - Fiesta Clasica\",\"isPartOf\":{\"@id\":\"https:\/\/www.fiestaclasica.org\/#website\"},\"datePublished\":\"2016-06-29T03:43:52+00:00\",\"dateModified\":\"2016-06-29T21:24:30+00:00\",\"breadcrumb\":{\"@id\":\"https:\/\/www.fiestaclasica.org\/fr\/presse\/#breadcrumb\"},\"inLanguage\":\"fr-FR\",\"potentialAction\":[{\"@type\":\"ReadAction\",\"target\":[\"https:\/\/www.fiestaclasica.org\/fr\/presse\/\"]}]},{\"@type\":\"BreadcrumbList\",\"@id\":\"https:\/\/www.fiestaclasica.org\/fr\/presse\/#breadcrumb\",\"itemListElement\":[{\"@type\":\"ListItem\",\"position\":1,\"name\":\"Portada\",\"item\":\"https:\/\/www.fiestaclasica.org\/fr\/\"},{\"@type\":\"ListItem\",\"position\":2,\"name\":\"Presse\"}]},{\"@type\":\"WebSite\",\"@id\":\"https:\/\/www.fiestaclasica.org\/#website\",\"url\":\"https:\/\/www.fiestaclasica.org\/\",\"name\":\"Fiesta Clasica\",\"description\":\"Fiesta Clasica\",\"publisher\":{\"@id\":\"https:\/\/www.fiestaclasica.org\/#organization\"},\"potentialAction\":[{\"@type\":\"SearchAction\",\"target\":{\"@type\":\"EntryPoint\",\"urlTemplate\":\"https:\/\/www.fiestaclasica.org\/?s={search_term_string}\"},\"query-input\":\"required name=search_term_string\"}],\"inLanguage\":\"fr-FR\"},{\"@type\":\"Organization\",\"@id\":\"https:\/\/www.fiestaclasica.org\/#organization\",\"name\":\"fiesta clasica\",\"url\":\"https:\/\/www.fiestaclasica.org\/\",\"logo\":{\"@type\":\"ImageObject\",\"inLanguage\":\"fr-FR\",\"@id\":\"https:\/\/www.fiestaclasica.org\/#\/schema\/logo\/image\/\",\"url\":\"https:\/\/www.fiestaclasica.org\/wp-content\/uploads\/2016\/04\/logo-FC-prensa.jpg\",\"contentUrl\":\"https:\/\/www.fiestaclasica.org\/wp-content\/uploads\/2016\/04\/logo-FC-prensa.jpg\",\"width\":449,\"height\":261,\"caption\":\"fiesta clasica\"},\"image\":{\"@id\":\"https:\/\/www.fiestaclasica.org\/#\/schema\/logo\/image\/\"},\"sameAs\":[\"https:\/\/www.facebook.com\/FiestaClasica\/\",\"https:\/\/twitter.com\/fiestaclasica\",\"https:\/\/www.instagram.com\/fiestaclasica\/\",\"https:\/\/www.youtube.com\/channel\/UCt82JYKhPM3Th7pNLCA7-xw\"]}]}<\/script>\n<!-- \/ Yoast SEO plugin. -->","yoast_head_json":{"title":"Presse - Fiesta Clasica","robots":{"index":"index","follow":"follow","max-snippet":"max-snippet:-1","max-image-preview":"max-image-preview:large","max-video-preview":"max-video-preview:-1"},"canonical":"https:\/\/www.fiestaclasica.org\/fr\/presse\/","og_locale":"fr_FR","og_type":"article","og_title":"Presse - Fiesta Clasica","og_description":"[vc_row center_row=\u00a0\u00bbyes\u00a0\u00bb][vc_column][\/vc_column][\/vc_row]","og_url":"https:\/\/www.fiestaclasica.org\/fr\/presse\/","og_site_name":"Fiesta Clasica","article_publisher":"https:\/\/www.facebook.com\/FiestaClasica\/","article_modified_time":"2016-06-29T21:24:30+00:00","twitter_card":"summary_large_image","twitter_site":"@fiestaclasica","schema":{"@context":"https:\/\/schema.org","@graph":[{"@type":"WebPage","@id":"https:\/\/www.fiestaclasica.org\/fr\/presse\/","url":"https:\/\/www.fiestaclasica.org\/fr\/presse\/","name":"Presse - Fiesta Clasica","isPartOf":{"@id":"https:\/\/www.fiestaclasica.org\/#website"},"datePublished":"2016-06-29T03:43:52+00:00","dateModified":"2016-06-29T21:24:30+00:00","breadcrumb":{"@id":"https:\/\/www.fiestaclasica.org\/fr\/presse\/#breadcrumb"},"inLanguage":"fr-FR","potentialAction":[{"@type":"ReadAction","target":["https:\/\/www.fiestaclasica.org\/fr\/presse\/"]}]},{"@type":"BreadcrumbList","@id":"https:\/\/www.fiestaclasica.org\/fr\/presse\/#breadcrumb","itemListElement":[{"@type":"ListItem","position":1,"name":"Portada","item":"https:\/\/www.fiestaclasica.org\/fr\/"},{"@type":"ListItem","position":2,"name":"Presse"}]},{"@type":"WebSite","@id":"https:\/\/www.fiestaclasica.org\/#website","url":"https:\/\/www.fiestaclasica.org\/","name":"Fiesta Clasica","description":"Fiesta Clasica","publisher":{"@id":"https:\/\/www.fiestaclasica.org\/#organization"},"potentialAction":[{"@type":"SearchAction","target":{"@type":"EntryPoint","urlTemplate":"https:\/\/www.fiestaclasica.org\/?s={search_term_string}"},"query-input":"required name=search_term_string"}],"inLanguage":"fr-FR"},{"@type":"Organization","@id":"https:\/\/www.fiestaclasica.org\/#organization","name":"fiesta clasica","url":"https:\/\/www.fiestaclasica.org\/","logo":{"@type":"ImageObject","inLanguage":"fr-FR","@id":"https:\/\/www.fiestaclasica.org\/#\/schema\/logo\/image\/","url":"https:\/\/www.fiestaclasica.org\/wp-content\/uploads\/2016\/04\/logo-FC-prensa.jpg","contentUrl":"https:\/\/www.fiestaclasica.org\/wp-content\/uploads\/2016\/04\/logo-FC-prensa.jpg","width":449,"height":261,"caption":"fiesta clasica"},"image":{"@id":"https:\/\/www.fiestaclasica.org\/#\/schema\/logo\/image\/"},"sameAs":["https:\/\/www.facebook.com\/FiestaClasica\/","https:\/\/twitter.com\/fiestaclasica","https:\/\/www.instagram.com\/fiestaclasica\/","https:\/\/www.youtube.com\/channel\/UCt82JYKhPM3Th7pNLCA7-xw"]}]}},"_links":{"self":[{"href":"https:\/\/www.fiestaclasica.org\/fr\/wp-json\/wp\/v2\/pages\/540\/"}],"collection":[{"href":"https:\/\/www.fiestaclasica.org\/fr\/wp-json\/wp\/v2\/pages\/"}],"about":[{"href":"https:\/\/www.fiestaclasica.org\/fr\/wp-json\/wp\/v2\/types\/page\/"}],"author":[{"embeddable":true,"href":"https:\/\/www.fiestaclasica.org\/fr\/wp-json\/wp\/v2\/users\/1\/"}],"replies":[{"embeddable":true,"href":"https:\/\/www.fiestaclasica.org\/fr\/wp-json\/wp\/v2\/comments\/?post=540"}],"version-history":[{"count":2,"href":"https:\/\/www.fiestaclasica.org\/fr\/wp-json\/wp\/v2\/pages\/540\/revisions\/"}],"predecessor-version":[{"id":591,"href":"https:\/\/www.fiestaclasica.org\/fr\/wp-json\/wp\/v2\/pages\/540\/revisions\/591\/"}],"wp:attachment":[{"href":"https:\/\/www.fiestaclasica.org\/fr\/wp-json\/wp\/v2\/media\/?parent=540"}],"wp:term":[{"taxonomy":"category","embeddable":true,"href":"https:\/\/www.fiestaclasica.org\/fr\/wp-json\/wp\/v2\/categories\/?post=540"},{"taxonomy":"post_tag","embeddable":true,"href":"https:\/\/www.fiestaclasica.org\/fr\/wp-json\/wp\/v2\/tags\/?post=540"}],"curies":[{"name":"wp","href":"https:\/\/api.w.org\/{rel}","templated":true}]}}

[vc_row center_row= »yes »][vc_column]<div class="vcex-module vcex-post-type-grid-wrap wpex-clr"><div class="wpex-row vcex-post-type-grid entries wpex-clr"><div class="vcex-post-type-entry vcex-grid-item wpex-clr col span_1_of_1 col-1 post-1113 entry type-testimonials has-media"><div class="vcex-post-type-entry-inner entry-inner wpex-first-mt-0 wpex-last-mb-0 wpex-clr"><div class="vcex-post-type-entry-media entry-media"><a href="https://www.fiestaclasica.org/fr/Prensa/visita-de-aisha-syed-a-fiesta-clasica/" title="Visita de Aisha Syed a Fiesta Clásica"><img width="667" height="443" src="https://www.fiestaclasica.org/wp-content/uploads/2017/05/VLA_5751.jpg" class="vcex-blog-entry-img wpex-align-middle" alt="" decoding="async" loading="lazy" srcset="https://www.fiestaclasica.org/wp-content/uploads/2017/05/VLA_5751.jpg 667w, https://www.fiestaclasica.org/wp-content/uploads/2017/05/VLA_5751-300x199.jpg 300w" sizes="(max-width: 667px) 100vw, 667px" /></a></div><div class="vcex-post-type-entry-details entry-details wpex-bordered wpex-first-mt-0 wpex-last-mb-0 wpex-clr"><h2 class="vcex-post-type-entry-title entry-title wpex-mb-5" ><a href="https://www.fiestaclasica.org/fr/Prensa/visita-de-aisha-syed-a-fiesta-clasica/">Visita de Aisha Syed a Fiesta Clásica</a></h2 ><div class="vcex-post-type-entry-date entry-date wpex-text-sm wpex-text-3 wpex-mb-5">3 mai, 2017</div><div class="vcex-post-type-entry-excerpt entry-excerpt wpex-my-15 wpex-last-mb-0 wpex-clr"><p>Santo Domingo, República Dominicana (Mayo 2017) - La Fundación Fiesta Clásica, Inc, recibió a la violinista internacional Aisha Syed en&hellip;</p></div><div class="vcex-post-type-entry-readmore-wrap entry-readmore-wrap wpex-my-15 wpex-clr"><a href="https://www.fiestaclasica.org/fr/Prensa/visita-de-aisha-syed-a-fiesta-clasica/" class="theme-button" aria-label="&gt;&gt; Lire about Visita de Aisha Syed a Fiesta Clásica">&gt;&gt; Lire</a></div></div></div></div><div class="vcex-post-type-entry vcex-grid-item wpex-clr col span_1_of_1 col-1 post-498 entry type-testimonials has-media"><div class="vcex-post-type-entry-inner entry-inner wpex-first-mt-0 wpex-last-mb-0 wpex-clr"><div class="vcex-post-type-entry-media entry-media"><a href="https://www.fiestaclasica.org/fr/Prensa/nace-la-fundacion-fiesta-clasica/" title="Naissance de la fondation “Fiesta Clásica”"><img width="667" height="460" src="https://www.fiestaclasica.org/wp-content/uploads/2016/04/nace-la-fundacion-fiesta-clasica-2.jpeg" class="vcex-blog-entry-img wpex-align-middle" alt="" decoding="async" loading="lazy" srcset="https://www.fiestaclasica.org/wp-content/uploads/2016/04/nace-la-fundacion-fiesta-clasica-2.jpeg 667w, https://www.fiestaclasica.org/wp-content/uploads/2016/04/nace-la-fundacion-fiesta-clasica-2-300x207.jpeg 300w" sizes="(max-width: 667px) 100vw, 667px" /></a></div><div class="vcex-post-type-entry-details entry-details wpex-bordered wpex-first-mt-0 wpex-last-mb-0 wpex-clr"><h2 class="vcex-post-type-entry-title entry-title wpex-mb-5" ><a href="https://www.fiestaclasica.org/fr/Prensa/nace-la-fundacion-fiesta-clasica/">Naissance de la fondation “Fiesta Clásica”</a></h2 ><div class="vcex-post-type-entry-date entry-date wpex-text-sm wpex-text-3 wpex-mb-5">28 juin, 2016</div><div class="vcex-post-type-entry-excerpt entry-excerpt wpex-my-15 wpex-last-mb-0 wpex-clr"><p>Listín Diario, 12 Octobre 2015 Doña Corinne Bouygues a organisé un cocktail dans sa résidence située au coeur de la Zone&hellip;</p></div><div class="vcex-post-type-entry-readmore-wrap entry-readmore-wrap wpex-my-15 wpex-clr"><a href="https://www.fiestaclasica.org/fr/Prensa/nace-la-fundacion-fiesta-clasica/" class="theme-button" aria-label="&gt;&gt; Lire about Naissance de la fondation “Fiesta Clásica”">&gt;&gt; Lire</a></div></div></div></div></div></div>[/vc_column][/vc_row]
