{"id":475,"date":"2016-06-28T16:08:17","date_gmt":"2016-06-28T16:08:17","guid":{"rendered":"http:\/\/www.fiestaclasica.org\/fr\/?page_id=475"},"modified":"2017-02-28T16:43:56","modified_gmt":"2017-02-28T16:43:56","slug":"ecole","status":"publish","type":"page","link":"https:\/\/www.fiestaclasica.org\/fr\/ecole\/","title":{"rendered":"N\u00facleo"},"content":{"rendered":"[vc_row center_row=\u00a0\u00bbyes\u00a0\u00bb css=\u00a0\u00bb.vc_custom_1461269656115{padding-top: 0px !important;padding-right: 0px !important;padding-bottom: 0px !important;padding-left: 0px !important;background-color: #e0e3e4 !important;}\u00a0\u00bb el_id=\u00a0\u00bbintro\u00a0\u00bb][vc_column width=\u00a0\u00bb1\/2&Prime;][vc_column_text]Le premier centre d&rsquo;enseignement (<em>n\u00facleo<\/em>) ouvert par notre fondation se trouve au c\u0153ur de la Ville Coloniale, \u00e0 l\u2019angle des rues C\/ Jos\u00e9 Reyes et C\/Mercedes. Abrit\u00e9e dans un b\u00e2timent datant majoritairement du XVII\u00ba si\u00e8cle, elle jouxte la superbe \u00e9glise <em>Nuestra Se\u00f1ora de Las Mercedes<\/em> dont les \u00e9l\u00e9ments les plus anciens datent de 1635.<\/p>\n<p>Cette \u00e9cole est r\u00e9partie sur 2 niveaux repr\u00e9sentant une surface approximative de 800 m<sup>2<\/sup> dispos\u00e9s autour d\u2019un patio. Nous y avons am\u00e9nag\u00e9 plusieurs salles de travail qui permettent la tenue de classes individuelles ou collectives de chant choral, de fl\u00fbte ou d\u2019instruments \u00e0 cordes. L\u2019\u00e9cole dispose \u00e9galement d\u2019un foyer qui permet aux \u00e9l\u00e8ves, parents et professeurs de se retrouver s\u2019ils le souhaitent. L\u2019administration en est confi\u00e9e \u00e0 une directrice.<\/p>\n<p>Pour nous adresser une demande d\u2019inscription, veuillez renseigner\u00a0ce <strong><a href=\"http:\/\/www.fiestaclasica.org\/wp-content\/uploads\/2016\/04\/FC-Ficha-Inscripcion.pdf\" target=\"_blank\">formulaire<\/a> <\/strong>et nous le faire parvenir.[\/vc_column_text][\/vc_column][vc_column width=\u00a0\u00bb1\/2&Prime;][vc_single_image image=\u00a0\u00bb796&Prime;][\/vc_column][\/vc_row][vc_row center_row=\u00a0\u00bbyes\u00a0\u00bb el_class=\u00a0\u00bbmypage-bottom\u00a0\u00bb][vc_column]<div class=\"templatera_shortcode bottom-page\"><style type=\"text\/css\" data-type=\"vc_shortcodes-custom-css\">.vc_custom_1464728684469{margin-bottom: 0px !important;border-bottom-width: 0px !important;padding-bottom: 0px !important;}<\/style>[vc_row el_id=\"newsletter-row\"][vc_column css=\".vc_custom_1464728684469{margin-bottom: 0px !important;border-bottom-width: 0px !important;padding-bottom: 0px !important;}\"][vc_widget_sidebar sidebar_id=\"newslettersocial\" el_class=\"newsletter-form\"][\/vc_column][\/vc_row]<\/div>[\/vc_column][\/vc_row]\n","protected":false},"excerpt":{"rendered":"<p>[vc_row center_row=\u00a0\u00bbyes\u00a0\u00bb css=\u00a0\u00bb.vc_custom_1461269656115{padding-top: 0px !important;padding-right: 0px !important;padding-bottom: 0px !important;padding-left: 0px !important;background-color: #e0e3e4 !important;}\u00a0\u00bb el_id=\u00a0\u00bbintro\u00a0\u00bb][vc_column width=\u00a0\u00bb1\/2&Prime;][vc_column_text]Le premier centre d&rsquo;enseignement (n\u00facleo) ouvert par notre fondation se trouve au c\u0153ur de la Ville Coloniale, \u00e0 l\u2019angle des rues C\/ Jos\u00e9 Reyes et C\/Mercedes. Abrit\u00e9e dans un b\u00e2timent datant majoritairement du XVII\u00ba si\u00e8cle, elle jouxte la superbe \u00e9glise Nuestra&hellip;<\/p>\n","protected":false},"author":1,"featured_media":0,"parent":0,"menu_order":0,"comment_status":"closed","ping_status":"closed","template":"","meta":[],"categories":[],"tags":[],"yoast_head":"<!-- This site is optimized with the Yoast SEO plugin v20.7 - https:\/\/yoast.com\/wordpress\/plugins\/seo\/ -->\n<title>N\u00facleo - Fiesta Clasica<\/title>\n<meta name=\"robots\" content=\"index, follow, max-snippet:-1, max-image-preview:large, max-video-preview:-1\" \/>\n<link rel=\"canonical\" href=\"https:\/\/www.fiestaclasica.org\/fr\/ecole\/\" \/>\n<meta property=\"og:locale\" content=\"fr_FR\" \/>\n<meta property=\"og:type\" content=\"article\" \/>\n<meta property=\"og:title\" content=\"N\u00facleo - Fiesta Clasica\" \/>\n<meta property=\"og:description\" content=\"[vc_row center_row=\u00a0\u00bbyes\u00a0\u00bb css=\u00a0\u00bb.vc_custom_1461269656115{padding-top: 0px !important;padding-right: 0px !important;padding-bottom: 0px !important;padding-left: 0px !important;background-color: #e0e3e4 !important;}\u00a0\u00bb el_id=\u00a0\u00bbintro\u00a0\u00bb][vc_column width=\u00a0\u00bb1\/2&Prime;][vc_column_text]Le premier centre d&rsquo;enseignement (n\u00facleo) ouvert par notre fondation se trouve au c\u0153ur de la Ville Coloniale, \u00e0 l\u2019angle des rues C\/ Jos\u00e9 Reyes et C\/Mercedes. Abrit\u00e9e dans un b\u00e2timent datant majoritairement du XVII\u00ba si\u00e8cle, elle jouxte la superbe \u00e9glise Nuestra&hellip;\" \/>\n<meta property=\"og:url\" content=\"https:\/\/www.fiestaclasica.org\/fr\/ecole\/\" \/>\n<meta property=\"og:site_name\" content=\"Fiesta Clasica\" \/>\n<meta property=\"article:publisher\" content=\"https:\/\/www.facebook.com\/FiestaClasica\/\" \/>\n<meta property=\"article:modified_time\" content=\"2017-02-28T16:43:56+00:00\" \/>\n<meta name=\"twitter:card\" content=\"summary_large_image\" \/>\n<meta name=\"twitter:site\" content=\"@fiestaclasica\" \/>\n<meta name=\"twitter:label1\" content=\"Dur\u00e9e de lecture estim\u00e9e\" \/>\n\t<meta name=\"twitter:data1\" content=\"1 minute\" \/>\n<script type=\"application\/ld+json\" class=\"yoast-schema-graph\">{\"@context\":\"https:\/\/schema.org\",\"@graph\":[{\"@type\":\"WebPage\",\"@id\":\"https:\/\/www.fiestaclasica.org\/fr\/ecole\/\",\"url\":\"https:\/\/www.fiestaclasica.org\/fr\/ecole\/\",\"name\":\"N\u00facleo - Fiesta Clasica\",\"isPartOf\":{\"@id\":\"https:\/\/www.fiestaclasica.org\/#website\"},\"datePublished\":\"2016-06-28T16:08:17+00:00\",\"dateModified\":\"2017-02-28T16:43:56+00:00\",\"breadcrumb\":{\"@id\":\"https:\/\/www.fiestaclasica.org\/fr\/ecole\/#breadcrumb\"},\"inLanguage\":\"fr-FR\",\"potentialAction\":[{\"@type\":\"ReadAction\",\"target\":[\"https:\/\/www.fiestaclasica.org\/fr\/ecole\/\"]}]},{\"@type\":\"BreadcrumbList\",\"@id\":\"https:\/\/www.fiestaclasica.org\/fr\/ecole\/#breadcrumb\",\"itemListElement\":[{\"@type\":\"ListItem\",\"position\":1,\"name\":\"Portada\",\"item\":\"https:\/\/www.fiestaclasica.org\/fr\/\"},{\"@type\":\"ListItem\",\"position\":2,\"name\":\"N\u00facleo\"}]},{\"@type\":\"WebSite\",\"@id\":\"https:\/\/www.fiestaclasica.org\/#website\",\"url\":\"https:\/\/www.fiestaclasica.org\/\",\"name\":\"Fiesta Clasica\",\"description\":\"Fiesta Clasica\",\"publisher\":{\"@id\":\"https:\/\/www.fiestaclasica.org\/#organization\"},\"potentialAction\":[{\"@type\":\"SearchAction\",\"target\":{\"@type\":\"EntryPoint\",\"urlTemplate\":\"https:\/\/www.fiestaclasica.org\/?s={search_term_string}\"},\"query-input\":\"required name=search_term_string\"}],\"inLanguage\":\"fr-FR\"},{\"@type\":\"Organization\",\"@id\":\"https:\/\/www.fiestaclasica.org\/#organization\",\"name\":\"fiesta clasica\",\"url\":\"https:\/\/www.fiestaclasica.org\/\",\"logo\":{\"@type\":\"ImageObject\",\"inLanguage\":\"fr-FR\",\"@id\":\"https:\/\/www.fiestaclasica.org\/#\/schema\/logo\/image\/\",\"url\":\"https:\/\/www.fiestaclasica.org\/wp-content\/uploads\/2016\/04\/logo-FC-prensa.jpg\",\"contentUrl\":\"https:\/\/www.fiestaclasica.org\/wp-content\/uploads\/2016\/04\/logo-FC-prensa.jpg\",\"width\":449,\"height\":261,\"caption\":\"fiesta clasica\"},\"image\":{\"@id\":\"https:\/\/www.fiestaclasica.org\/#\/schema\/logo\/image\/\"},\"sameAs\":[\"https:\/\/www.facebook.com\/FiestaClasica\/\",\"https:\/\/twitter.com\/fiestaclasica\",\"https:\/\/www.instagram.com\/fiestaclasica\/\",\"https:\/\/www.youtube.com\/channel\/UCt82JYKhPM3Th7pNLCA7-xw\"]}]}<\/script>\n<!-- \/ Yoast SEO plugin. -->","yoast_head_json":{"title":"N\u00facleo - Fiesta Clasica","robots":{"index":"index","follow":"follow","max-snippet":"max-snippet:-1","max-image-preview":"max-image-preview:large","max-video-preview":"max-video-preview:-1"},"canonical":"https:\/\/www.fiestaclasica.org\/fr\/ecole\/","og_locale":"fr_FR","og_type":"article","og_title":"N\u00facleo - Fiesta Clasica","og_description":"[vc_row center_row=\u00a0\u00bbyes\u00a0\u00bb css=\u00a0\u00bb.vc_custom_1461269656115{padding-top: 0px !important;padding-right: 0px !important;padding-bottom: 0px !important;padding-left: 0px !important;background-color: #e0e3e4 !important;}\u00a0\u00bb el_id=\u00a0\u00bbintro\u00a0\u00bb][vc_column width=\u00a0\u00bb1\/2&Prime;][vc_column_text]Le premier centre d&rsquo;enseignement (n\u00facleo) ouvert par notre fondation se trouve au c\u0153ur de la Ville Coloniale, \u00e0 l\u2019angle des rues C\/ Jos\u00e9 Reyes et C\/Mercedes. Abrit\u00e9e dans un b\u00e2timent datant majoritairement du XVII\u00ba si\u00e8cle, elle jouxte la superbe \u00e9glise Nuestra&hellip;","og_url":"https:\/\/www.fiestaclasica.org\/fr\/ecole\/","og_site_name":"Fiesta Clasica","article_publisher":"https:\/\/www.facebook.com\/FiestaClasica\/","article_modified_time":"2017-02-28T16:43:56+00:00","twitter_card":"summary_large_image","twitter_site":"@fiestaclasica","twitter_misc":{"Dur\u00e9e de lecture estim\u00e9e":"1 minute"},"schema":{"@context":"https:\/\/schema.org","@graph":[{"@type":"WebPage","@id":"https:\/\/www.fiestaclasica.org\/fr\/ecole\/","url":"https:\/\/www.fiestaclasica.org\/fr\/ecole\/","name":"N\u00facleo - Fiesta Clasica","isPartOf":{"@id":"https:\/\/www.fiestaclasica.org\/#website"},"datePublished":"2016-06-28T16:08:17+00:00","dateModified":"2017-02-28T16:43:56+00:00","breadcrumb":{"@id":"https:\/\/www.fiestaclasica.org\/fr\/ecole\/#breadcrumb"},"inLanguage":"fr-FR","potentialAction":[{"@type":"ReadAction","target":["https:\/\/www.fiestaclasica.org\/fr\/ecole\/"]}]},{"@type":"BreadcrumbList","@id":"https:\/\/www.fiestaclasica.org\/fr\/ecole\/#breadcrumb","itemListElement":[{"@type":"ListItem","position":1,"name":"Portada","item":"https:\/\/www.fiestaclasica.org\/fr\/"},{"@type":"ListItem","position":2,"name":"N\u00facleo"}]},{"@type":"WebSite","@id":"https:\/\/www.fiestaclasica.org\/#website","url":"https:\/\/www.fiestaclasica.org\/","name":"Fiesta Clasica","description":"Fiesta Clasica","publisher":{"@id":"https:\/\/www.fiestaclasica.org\/#organization"},"potentialAction":[{"@type":"SearchAction","target":{"@type":"EntryPoint","urlTemplate":"https:\/\/www.fiestaclasica.org\/?s={search_term_string}"},"query-input":"required name=search_term_string"}],"inLanguage":"fr-FR"},{"@type":"Organization","@id":"https:\/\/www.fiestaclasica.org\/#organization","name":"fiesta clasica","url":"https:\/\/www.fiestaclasica.org\/","logo":{"@type":"ImageObject","inLanguage":"fr-FR","@id":"https:\/\/www.fiestaclasica.org\/#\/schema\/logo\/image\/","url":"https:\/\/www.fiestaclasica.org\/wp-content\/uploads\/2016\/04\/logo-FC-prensa.jpg","contentUrl":"https:\/\/www.fiestaclasica.org\/wp-content\/uploads\/2016\/04\/logo-FC-prensa.jpg","width":449,"height":261,"caption":"fiesta clasica"},"image":{"@id":"https:\/\/www.fiestaclasica.org\/#\/schema\/logo\/image\/"},"sameAs":["https:\/\/www.facebook.com\/FiestaClasica\/","https:\/\/twitter.com\/fiestaclasica","https:\/\/www.instagram.com\/fiestaclasica\/","https:\/\/www.youtube.com\/channel\/UCt82JYKhPM3Th7pNLCA7-xw"]}]}},"_links":{"self":[{"href":"https:\/\/www.fiestaclasica.org\/fr\/wp-json\/wp\/v2\/pages\/475\/"}],"collection":[{"href":"https:\/\/www.fiestaclasica.org\/fr\/wp-json\/wp\/v2\/pages\/"}],"about":[{"href":"https:\/\/www.fiestaclasica.org\/fr\/wp-json\/wp\/v2\/types\/page\/"}],"author":[{"embeddable":true,"href":"https:\/\/www.fiestaclasica.org\/fr\/wp-json\/wp\/v2\/users\/1\/"}],"replies":[{"embeddable":true,"href":"https:\/\/www.fiestaclasica.org\/fr\/wp-json\/wp\/v2\/comments\/?post=475"}],"version-history":[{"count":7,"href":"https:\/\/www.fiestaclasica.org\/fr\/wp-json\/wp\/v2\/pages\/475\/revisions\/"}],"predecessor-version":[{"id":801,"href":"https:\/\/www.fiestaclasica.org\/fr\/wp-json\/wp\/v2\/pages\/475\/revisions\/801\/"}],"wp:attachment":[{"href":"https:\/\/www.fiestaclasica.org\/fr\/wp-json\/wp\/v2\/media\/?parent=475"}],"wp:term":[{"taxonomy":"category","embeddable":true,"href":"https:\/\/www.fiestaclasica.org\/fr\/wp-json\/wp\/v2\/categories\/?post=475"},{"taxonomy":"post_tag","embeddable":true,"href":"https:\/\/www.fiestaclasica.org\/fr\/wp-json\/wp\/v2\/tags\/?post=475"}],"curies":[{"name":"wp","href":"https:\/\/api.w.org\/{rel}","templated":true}]}}

Núcleo

[vc_row center_row= »yes » css= ».vc_custom_1461269656115{padding-top: 0px !important;padding-right: 0px !important;padding-bottom: 0px !important;padding-left: 0px !important;background-color: #e0e3e4 !important;} » el_id= »intro »][vc_column width= »1/2&Prime;][vc_column_text]Le premier centre d&rsquo;enseignement (<em>núcleo</em>) ouvert par notre fondation se trouve au cœur de la Ville Coloniale, à l’angle des rues C/ José Reyes et C/Mercedes. Abritée dans un bâtiment datant majoritairement du XVIIº siècle, elle jouxte la superbe église <em>Nuestra Señora de Las Mercedes</em> dont les éléments les plus anciens datent de 1635.</p>
<p>Cette école est répartie sur 2 niveaux représentant une surface approximative de 800 m<sup>2</sup> disposés autour d’un patio. Nous y avons aménagé plusieurs salles de travail qui permettent la tenue de classes individuelles ou collectives de chant choral, de flûte ou d’instruments à cordes. L’école dispose également d’un foyer qui permet aux élèves, parents et professeurs de se retrouver s’ils le souhaitent. L’administration en est confiée à une directrice.</p>
<p>Pour nous adresser une demande d’inscription, veuillez renseigner ce <strong><a href="http://www.fiestaclasica.org/wp-content/uploads/2016/04/FC-Ficha-Inscripcion.pdf" target="_blank">formulaire</a> </strong>et nous le faire parvenir.[/vc_column_text][/vc_column][vc_column width= »1/2&Prime;][vc_single_image image= »796&Prime;][/vc_column][/vc_row][vc_row center_row= »yes » el_class= »mypage-bottom »][vc_column]<div class="templatera_shortcode bottom-page"><style type="text/css" data-type="vc_shortcodes-custom-css">.vc_custom_1464728684469{margin-bottom: 0px !important;border-bottom-width: 0px !important;padding-bottom: 0px !important;}</style>[vc_row el_id="newsletter-row"][vc_column css=".vc_custom_1464728684469{margin-bottom: 0px !important;border-bottom-width: 0px !important;padding-bottom: 0px !important;}"][vc_widget_sidebar sidebar_id="newslettersocial" el_class="newsletter-form"][/vc_column][/vc_row]</div>[/vc_column][/vc_row]

<p>[vc_row center_row= »yes » css= ».vc_custom_1461269656115{padding-top: 0px !important;padding-right: 0px !important;padding-bottom: 0px !important;padding-left: 0px !important;background-color: #e0e3e4 !important;} » el_id= »intro »][vc_column width= »1/2&Prime;][vc_column_text]Le premier centre d&rsquo;enseignement (núcleo) ouvert par notre fondation se trouve au cœur de la Ville Coloniale, à l’angle des rues C/ José Reyes et C/Mercedes. Abritée dans un bâtiment datant majoritairement du XVIIº siècle, elle jouxte la superbe église Nuestra&hellip;</p>

<!-- This site is optimized with the Yoast SEO plugin v20.7 - https://yoast.com/wordpress/plugins/seo/ -->
<title>Núcleo - Fiesta Clasica</title>
<meta name="robots" content="index, follow, max-snippet:-1, max-image-preview:large, max-video-preview:-1" />
<link rel="canonical" href="https://www.fiestaclasica.org/fr/ecole/" />
<meta property="og:locale" content="fr_FR" />
<meta property="og:type" content="article" />
<meta property="og:title" content="Núcleo - Fiesta Clasica" />
<meta property="og:description" content="[vc_row center_row= »yes » css= ».vc_custom_1461269656115{padding-top: 0px !important;padding-right: 0px !important;padding-bottom: 0px !important;padding-left: 0px !important;background-color: #e0e3e4 !important;} » el_id= »intro »][vc_column width= »1/2&Prime;][vc_column_text]Le premier centre d&rsquo;enseignement (núcleo) ouvert par notre fondation se trouve au cœur de la Ville Coloniale, à l’angle des rues C/ José Reyes et C/Mercedes. Abritée dans un bâtiment datant majoritairement du XVIIº siècle, elle jouxte la superbe église Nuestra&hellip;" />
<meta property="og:url" content="https://www.fiestaclasica.org/fr/ecole/" />
<meta property="og:site_name" content="Fiesta Clasica" />
<meta property="article:publisher" content="https://www.facebook.com/FiestaClasica/" />
<meta property="article:modified_time" content="2017-02-28T16:43:56+00:00" />
<meta name="twitter:card" content="summary_large_image" />
<meta name="twitter:site" content="@fiestaclasica" />
<meta name="twitter:label1" content="Durée de lecture estimée" />
	<meta name="twitter:data1" content="1 minute" />
<script type="application/ld+json" class="yoast-schema-graph">{"@context":"https://schema.org","@graph":[{"@type":"WebPage","@id":"https://www.fiestaclasica.org/fr/ecole/","url":"https://www.fiestaclasica.org/fr/ecole/","name":"Núcleo - Fiesta Clasica","isPartOf":{"@id":"https://www.fiestaclasica.org/#website"},"datePublished":"2016-06-28T16:08:17+00:00","dateModified":"2017-02-28T16:43:56+00:00","breadcrumb":{"@id":"https://www.fiestaclasica.org/fr/ecole/#breadcrumb"},"inLanguage":"fr-FR","potentialAction":[{"@type":"ReadAction","target":["https://www.fiestaclasica.org/fr/ecole/"]}]},{"@type":"BreadcrumbList","@id":"https://www.fiestaclasica.org/fr/ecole/#breadcrumb","itemListElement":[{"@type":"ListItem","position":1,"name":"Portada","item":"https://www.fiestaclasica.org/fr/"},{"@type":"ListItem","position":2,"name":"Núcleo"}]},{"@type":"WebSite","@id":"https://www.fiestaclasica.org/#website","url":"https://www.fiestaclasica.org/","name":"Fiesta Clasica","description":"Fiesta Clasica","publisher":{"@id":"https://www.fiestaclasica.org/#organization"},"potentialAction":[{"@type":"SearchAction","target":{"@type":"EntryPoint","urlTemplate":"https://www.fiestaclasica.org/?s={search_term_string}"},"query-input":"required name=search_term_string"}],"inLanguage":"fr-FR"},{"@type":"Organization","@id":"https://www.fiestaclasica.org/#organization","name":"fiesta clasica","url":"https://www.fiestaclasica.org/","logo":{"@type":"ImageObject","inLanguage":"fr-FR","@id":"https://www.fiestaclasica.org/#/schema/logo/image/","url":"https://www.fiestaclasica.org/wp-content/uploads/2016/04/logo-FC-prensa.jpg","contentUrl":"https://www.fiestaclasica.org/wp-content/uploads/2016/04/logo-FC-prensa.jpg","width":449,"height":261,"caption":"fiesta clasica"},"image":{"@id":"https://www.fiestaclasica.org/#/schema/logo/image/"},"sameAs":["https://www.facebook.com/FiestaClasica/","https://twitter.com/fiestaclasica","https://www.instagram.com/fiestaclasica/","https://www.youtube.com/channel/UCt82JYKhPM3Th7pNLCA7-xw"]}]}</script>
<!-- / Yoast SEO plugin. -->

Núcleo - Fiesta Clasica

[vc_row center_row= »yes » css= ».vc_custom_1461269656115{padding-top: 0px !important;padding-right: 0px !important;padding-bottom: 0px !important;padding-left: 0px !important;background-color: #e0e3e4 !important;} » el_id= »intro »][vc_column width= »1/2&Prime;][vc_column_text]Le premier centre d&rsquo;enseignement (núcleo) ouvert par notre fondation se trouve au cœur de la Ville Coloniale, à l’angle des rues C/ José Reyes et C/Mercedes. Abritée dans un bâtiment datant majoritairement du XVIIº siècle, elle jouxte la superbe église Nuestra&hellip;
