{"id":452,"date":"2016-04-12T13:40:52","date_gmt":"2016-04-12T13:40:52","guid":{"rendered":"http:\/\/www.fiestaclasica.org\/fr\/?page_id=452"},"modified":"2017-04-07T21:26:10","modified_gmt":"2017-04-07T21:26:10","slug":"concerts","status":"publish","type":"page","link":"https:\/\/www.fiestaclasica.org\/fr\/concerts\/","title":{"rendered":"Concerts"},"content":{"rendered":"[vc_row center_row=\u00a0\u00bbyes\u00a0\u00bb css=\u00a0\u00bb.vc_custom_1461265259467{background-color: #e0e3e4 !important;}\u00a0\u00bb el_id=\u00a0\u00bbintro\u00a0\u00bb][vc_column width=\u00a0\u00bb1\/2&Prime;][vc_column_text el_class=\u00a0\u00bbintro-home\u00a0\u00bb]\n<p style=\"text-align: justify;\">D\u00e8s maintenant nous pr\u00e9parons la premi\u00e8re saison de concerts de nos ch\u0153urs. L\u2019objectif de ces concerts est de motiver les enfants et les jeunes du ch\u0153ur et de l\u2019orchestre.<\/p>\n<p style=\"text-align: justify;\">D\u2019ores et d\u00e9j\u00e0 nous avons organis\u00e9 un premier r\u00e9cital priv\u00e9 r\u00e9serv\u00e9 aux parents des enfants le 24 janvier 2017 dans notre local. Ce fut un succ\u00e8s et une soir\u00e9e pleine d\u2019\u00e9motion pour tous. Vous trouverez ci-joint le lien vers la vid\u00e9o de ce r\u00e9cital.<\/p>\n<p style=\"text-align: justify;\">A ce jour nous comptons plus de 80 enfants participant chaque jour aux classes de langage musical, de rythmique et de chant choral.<\/p>\n<p style=\"text-align: justify;\">Sous peu nous commencerons \u00e0 travailler les instruments tels que le violon, l\u2019alto, le violoncelle, la fl\u00fbte, le hautbois, la basson ou la contrebasse, ceci dans le but de former un orchestre complet. Cela demande du temps et beaucoup de motivation. Mais nous y arriverons. Ainsi est El Sistema\u00a0!<\/p>\n<p style=\"text-align: justify;\">Restez en contact avec nous en vous connectant \u00e0 notre page Facebook.<\/p>\n[\/vc_column_text][\/vc_column][vc_column width=\u00a0\u00bb1\/2&Prime; css=\u00a0\u00bb.vc_custom_1487603448479{padding-bottom: 25px !important;}\u00a0\u00bb][vc_video link=\u00a0\u00bbhttps:\/\/youtu.be\/UoCOxdmfH88&Prime;][vc_column_text]\n<p style=\"text-align: left;\">Premier r\u00e9cital du ch\u0153ur de nos enfants<\/p>\n[\/vc_column_text][\/vc_column][\/vc_row][vc_row center_row=\u00a0\u00bbyes\u00a0\u00bb el_class=\u00a0\u00bbmypage-bottom\u00a0\u00bb][vc_column]<div class=\"templatera_shortcode bottom-page\"><style type=\"text\/css\" data-type=\"vc_shortcodes-custom-css\">.vc_custom_1464728684469{margin-bottom: 0px !important;border-bottom-width: 0px !important;padding-bottom: 0px !important;}<\/style>[vc_row el_id=\"newsletter-row\"][vc_column css=\".vc_custom_1464728684469{margin-bottom: 0px !important;border-bottom-width: 0px !important;padding-bottom: 0px !important;}\"][vc_widget_sidebar sidebar_id=\"newslettersocial\" el_class=\"newsletter-form\"][\/vc_column][\/vc_row]<\/div>[\/vc_column][\/vc_row]\n","protected":false},"excerpt":{"rendered":"<p>[vc_row center_row=\u00a0\u00bbyes\u00a0\u00bb css=\u00a0\u00bb.vc_custom_1461265259467{background-color: #e0e3e4 !important;}\u00a0\u00bb el_id=\u00a0\u00bbintro\u00a0\u00bb][vc_column width=\u00a0\u00bb1\/2&Prime;][vc_column_text el_class=\u00a0\u00bbintro-home\u00a0\u00bb] D\u00e8s maintenant nous pr\u00e9parons la premi\u00e8re saison de concerts de nos ch\u0153urs. L\u2019objectif de ces concerts est de motiver les enfants et les jeunes du ch\u0153ur et de l\u2019orchestre. D\u2019ores et d\u00e9j\u00e0 nous avons organis\u00e9 un premier r\u00e9cital priv\u00e9 r\u00e9serv\u00e9 aux parents des enfants le 24 janvier&hellip;<\/p>\n","protected":false},"author":1,"featured_media":0,"parent":0,"menu_order":0,"comment_status":"closed","ping_status":"closed","template":"","meta":[],"categories":[],"tags":[],"yoast_head":"<!-- This site is optimized with the Yoast SEO plugin v20.7 - https:\/\/yoast.com\/wordpress\/plugins\/seo\/ -->\n<title>Concerts - Fiesta Clasica<\/title>\n<meta name=\"robots\" content=\"index, follow, max-snippet:-1, max-image-preview:large, max-video-preview:-1\" \/>\n<link rel=\"canonical\" href=\"https:\/\/www.fiestaclasica.org\/fr\/concerts\/\" \/>\n<meta property=\"og:locale\" content=\"fr_FR\" \/>\n<meta property=\"og:type\" content=\"article\" \/>\n<meta property=\"og:title\" content=\"Concerts - Fiesta Clasica\" \/>\n<meta property=\"og:description\" content=\"[vc_row center_row=\u00a0\u00bbyes\u00a0\u00bb css=\u00a0\u00bb.vc_custom_1461265259467{background-color: #e0e3e4 !important;}\u00a0\u00bb el_id=\u00a0\u00bbintro\u00a0\u00bb][vc_column width=\u00a0\u00bb1\/2&Prime;][vc_column_text el_class=\u00a0\u00bbintro-home\u00a0\u00bb] D\u00e8s maintenant nous pr\u00e9parons la premi\u00e8re saison de concerts de nos ch\u0153urs. L\u2019objectif de ces concerts est de motiver les enfants et les jeunes du ch\u0153ur et de l\u2019orchestre. D\u2019ores et d\u00e9j\u00e0 nous avons organis\u00e9 un premier r\u00e9cital priv\u00e9 r\u00e9serv\u00e9 aux parents des enfants le 24 janvier&hellip;\" \/>\n<meta property=\"og:url\" content=\"https:\/\/www.fiestaclasica.org\/fr\/concerts\/\" \/>\n<meta property=\"og:site_name\" content=\"Fiesta Clasica\" \/>\n<meta property=\"article:publisher\" content=\"https:\/\/www.facebook.com\/FiestaClasica\/\" \/>\n<meta property=\"article:modified_time\" content=\"2017-04-07T21:26:10+00:00\" \/>\n<meta name=\"twitter:card\" content=\"summary_large_image\" \/>\n<meta name=\"twitter:site\" content=\"@fiestaclasica\" \/>\n<meta name=\"twitter:label1\" content=\"Dur\u00e9e de lecture estim\u00e9e\" \/>\n\t<meta name=\"twitter:data1\" content=\"1 minute\" \/>\n<script type=\"application\/ld+json\" class=\"yoast-schema-graph\">{\"@context\":\"https:\/\/schema.org\",\"@graph\":[{\"@type\":\"WebPage\",\"@id\":\"https:\/\/www.fiestaclasica.org\/fr\/concerts\/\",\"url\":\"https:\/\/www.fiestaclasica.org\/fr\/concerts\/\",\"name\":\"Concerts - Fiesta Clasica\",\"isPartOf\":{\"@id\":\"https:\/\/www.fiestaclasica.org\/#website\"},\"datePublished\":\"2016-04-12T13:40:52+00:00\",\"dateModified\":\"2017-04-07T21:26:10+00:00\",\"breadcrumb\":{\"@id\":\"https:\/\/www.fiestaclasica.org\/fr\/concerts\/#breadcrumb\"},\"inLanguage\":\"fr-FR\",\"potentialAction\":[{\"@type\":\"ReadAction\",\"target\":[\"https:\/\/www.fiestaclasica.org\/fr\/concerts\/\"]}]},{\"@type\":\"BreadcrumbList\",\"@id\":\"https:\/\/www.fiestaclasica.org\/fr\/concerts\/#breadcrumb\",\"itemListElement\":[{\"@type\":\"ListItem\",\"position\":1,\"name\":\"Portada\",\"item\":\"https:\/\/www.fiestaclasica.org\/fr\/\"},{\"@type\":\"ListItem\",\"position\":2,\"name\":\"Concerts\"}]},{\"@type\":\"WebSite\",\"@id\":\"https:\/\/www.fiestaclasica.org\/#website\",\"url\":\"https:\/\/www.fiestaclasica.org\/\",\"name\":\"Fiesta Clasica\",\"description\":\"Fiesta Clasica\",\"publisher\":{\"@id\":\"https:\/\/www.fiestaclasica.org\/#organization\"},\"potentialAction\":[{\"@type\":\"SearchAction\",\"target\":{\"@type\":\"EntryPoint\",\"urlTemplate\":\"https:\/\/www.fiestaclasica.org\/?s={search_term_string}\"},\"query-input\":\"required name=search_term_string\"}],\"inLanguage\":\"fr-FR\"},{\"@type\":\"Organization\",\"@id\":\"https:\/\/www.fiestaclasica.org\/#organization\",\"name\":\"fiesta clasica\",\"url\":\"https:\/\/www.fiestaclasica.org\/\",\"logo\":{\"@type\":\"ImageObject\",\"inLanguage\":\"fr-FR\",\"@id\":\"https:\/\/www.fiestaclasica.org\/#\/schema\/logo\/image\/\",\"url\":\"https:\/\/www.fiestaclasica.org\/wp-content\/uploads\/2016\/04\/logo-FC-prensa.jpg\",\"contentUrl\":\"https:\/\/www.fiestaclasica.org\/wp-content\/uploads\/2016\/04\/logo-FC-prensa.jpg\",\"width\":449,\"height\":261,\"caption\":\"fiesta clasica\"},\"image\":{\"@id\":\"https:\/\/www.fiestaclasica.org\/#\/schema\/logo\/image\/\"},\"sameAs\":[\"https:\/\/www.facebook.com\/FiestaClasica\/\",\"https:\/\/twitter.com\/fiestaclasica\",\"https:\/\/www.instagram.com\/fiestaclasica\/\",\"https:\/\/www.youtube.com\/channel\/UCt82JYKhPM3Th7pNLCA7-xw\"]}]}<\/script>\n<!-- \/ Yoast SEO plugin. -->","yoast_head_json":{"title":"Concerts - Fiesta Clasica","robots":{"index":"index","follow":"follow","max-snippet":"max-snippet:-1","max-image-preview":"max-image-preview:large","max-video-preview":"max-video-preview:-1"},"canonical":"https:\/\/www.fiestaclasica.org\/fr\/concerts\/","og_locale":"fr_FR","og_type":"article","og_title":"Concerts - Fiesta Clasica","og_description":"[vc_row center_row=\u00a0\u00bbyes\u00a0\u00bb css=\u00a0\u00bb.vc_custom_1461265259467{background-color: #e0e3e4 !important;}\u00a0\u00bb el_id=\u00a0\u00bbintro\u00a0\u00bb][vc_column width=\u00a0\u00bb1\/2&Prime;][vc_column_text el_class=\u00a0\u00bbintro-home\u00a0\u00bb] D\u00e8s maintenant nous pr\u00e9parons la premi\u00e8re saison de concerts de nos ch\u0153urs. L\u2019objectif de ces concerts est de motiver les enfants et les jeunes du ch\u0153ur et de l\u2019orchestre. D\u2019ores et d\u00e9j\u00e0 nous avons organis\u00e9 un premier r\u00e9cital priv\u00e9 r\u00e9serv\u00e9 aux parents des enfants le 24 janvier&hellip;","og_url":"https:\/\/www.fiestaclasica.org\/fr\/concerts\/","og_site_name":"Fiesta Clasica","article_publisher":"https:\/\/www.facebook.com\/FiestaClasica\/","article_modified_time":"2017-04-07T21:26:10+00:00","twitter_card":"summary_large_image","twitter_site":"@fiestaclasica","twitter_misc":{"Dur\u00e9e de lecture estim\u00e9e":"1 minute"},"schema":{"@context":"https:\/\/schema.org","@graph":[{"@type":"WebPage","@id":"https:\/\/www.fiestaclasica.org\/fr\/concerts\/","url":"https:\/\/www.fiestaclasica.org\/fr\/concerts\/","name":"Concerts - Fiesta Clasica","isPartOf":{"@id":"https:\/\/www.fiestaclasica.org\/#website"},"datePublished":"2016-04-12T13:40:52+00:00","dateModified":"2017-04-07T21:26:10+00:00","breadcrumb":{"@id":"https:\/\/www.fiestaclasica.org\/fr\/concerts\/#breadcrumb"},"inLanguage":"fr-FR","potentialAction":[{"@type":"ReadAction","target":["https:\/\/www.fiestaclasica.org\/fr\/concerts\/"]}]},{"@type":"BreadcrumbList","@id":"https:\/\/www.fiestaclasica.org\/fr\/concerts\/#breadcrumb","itemListElement":[{"@type":"ListItem","position":1,"name":"Portada","item":"https:\/\/www.fiestaclasica.org\/fr\/"},{"@type":"ListItem","position":2,"name":"Concerts"}]},{"@type":"WebSite","@id":"https:\/\/www.fiestaclasica.org\/#website","url":"https:\/\/www.fiestaclasica.org\/","name":"Fiesta Clasica","description":"Fiesta Clasica","publisher":{"@id":"https:\/\/www.fiestaclasica.org\/#organization"},"potentialAction":[{"@type":"SearchAction","target":{"@type":"EntryPoint","urlTemplate":"https:\/\/www.fiestaclasica.org\/?s={search_term_string}"},"query-input":"required name=search_term_string"}],"inLanguage":"fr-FR"},{"@type":"Organization","@id":"https:\/\/www.fiestaclasica.org\/#organization","name":"fiesta clasica","url":"https:\/\/www.fiestaclasica.org\/","logo":{"@type":"ImageObject","inLanguage":"fr-FR","@id":"https:\/\/www.fiestaclasica.org\/#\/schema\/logo\/image\/","url":"https:\/\/www.fiestaclasica.org\/wp-content\/uploads\/2016\/04\/logo-FC-prensa.jpg","contentUrl":"https:\/\/www.fiestaclasica.org\/wp-content\/uploads\/2016\/04\/logo-FC-prensa.jpg","width":449,"height":261,"caption":"fiesta clasica"},"image":{"@id":"https:\/\/www.fiestaclasica.org\/#\/schema\/logo\/image\/"},"sameAs":["https:\/\/www.facebook.com\/FiestaClasica\/","https:\/\/twitter.com\/fiestaclasica","https:\/\/www.instagram.com\/fiestaclasica\/","https:\/\/www.youtube.com\/channel\/UCt82JYKhPM3Th7pNLCA7-xw"]}]}},"_links":{"self":[{"href":"https:\/\/www.fiestaclasica.org\/fr\/wp-json\/wp\/v2\/pages\/452\/"}],"collection":[{"href":"https:\/\/www.fiestaclasica.org\/fr\/wp-json\/wp\/v2\/pages\/"}],"about":[{"href":"https:\/\/www.fiestaclasica.org\/fr\/wp-json\/wp\/v2\/types\/page\/"}],"author":[{"embeddable":true,"href":"https:\/\/www.fiestaclasica.org\/fr\/wp-json\/wp\/v2\/users\/1\/"}],"replies":[{"embeddable":true,"href":"https:\/\/www.fiestaclasica.org\/fr\/wp-json\/wp\/v2\/comments\/?post=452"}],"version-history":[{"count":12,"href":"https:\/\/www.fiestaclasica.org\/fr\/wp-json\/wp\/v2\/pages\/452\/revisions\/"}],"predecessor-version":[{"id":947,"href":"https:\/\/www.fiestaclasica.org\/fr\/wp-json\/wp\/v2\/pages\/452\/revisions\/947\/"}],"wp:attachment":[{"href":"https:\/\/www.fiestaclasica.org\/fr\/wp-json\/wp\/v2\/media\/?parent=452"}],"wp:term":[{"taxonomy":"category","embeddable":true,"href":"https:\/\/www.fiestaclasica.org\/fr\/wp-json\/wp\/v2\/categories\/?post=452"},{"taxonomy":"post_tag","embeddable":true,"href":"https:\/\/www.fiestaclasica.org\/fr\/wp-json\/wp\/v2\/tags\/?post=452"}],"curies":[{"name":"wp","href":"https:\/\/api.w.org\/{rel}","templated":true}]}}

[vc_row center_row= »yes » css= ».vc_custom_1461265259467{background-color: #e0e3e4 !important;} » el_id= »intro »][vc_column width= »1/2&Prime;][vc_column_text el_class= »intro-home »]
<p style="text-align: justify;">Dès maintenant nous préparons la première saison de concerts de nos chœurs. L’objectif de ces concerts est de motiver les enfants et les jeunes du chœur et de l’orchestre.</p>
<p style="text-align: justify;">D’ores et déjà nous avons organisé un premier récital privé réservé aux parents des enfants le 24 janvier 2017 dans notre local. Ce fut un succès et une soirée pleine d’émotion pour tous. Vous trouverez ci-joint le lien vers la vidéo de ce récital.</p>
<p style="text-align: justify;">A ce jour nous comptons plus de 80 enfants participant chaque jour aux classes de langage musical, de rythmique et de chant choral.</p>
<p style="text-align: justify;">Sous peu nous commencerons à travailler les instruments tels que le violon, l’alto, le violoncelle, la flûte, le hautbois, la basson ou la contrebasse, ceci dans le but de former un orchestre complet. Cela demande du temps et beaucoup de motivation. Mais nous y arriverons. Ainsi est El Sistema !</p>
<p style="text-align: justify;">Restez en contact avec nous en vous connectant à notre page Facebook.</p>
[/vc_column_text][/vc_column][vc_column width= »1/2&Prime; css= ».vc_custom_1487603448479{padding-bottom: 25px !important;} »][vc_video link= »https://youtu.be/UoCOxdmfH88&Prime;][vc_column_text]
<p style="text-align: left;">Premier récital du chœur de nos enfants</p>
[/vc_column_text][/vc_column][/vc_row][vc_row center_row= »yes » el_class= »mypage-bottom »][vc_column]<div class="templatera_shortcode bottom-page"><style type="text/css" data-type="vc_shortcodes-custom-css">.vc_custom_1464728684469{margin-bottom: 0px !important;border-bottom-width: 0px !important;padding-bottom: 0px !important;}</style>[vc_row el_id="newsletter-row"][vc_column css=".vc_custom_1464728684469{margin-bottom: 0px !important;border-bottom-width: 0px !important;padding-bottom: 0px !important;}"][vc_widget_sidebar sidebar_id="newslettersocial" el_class="newsletter-form"][/vc_column][/vc_row]</div>[/vc_column][/vc_row]

<p>[vc_row center_row= »yes » css= ».vc_custom_1461265259467{background-color: #e0e3e4 !important;} » el_id= »intro »][vc_column width= »1/2&Prime;][vc_column_text el_class= »intro-home »] Dès maintenant nous préparons la première saison de concerts de nos chœurs. L’objectif de ces concerts est de motiver les enfants et les jeunes du chœur et de l’orchestre. D’ores et déjà nous avons organisé un premier récital privé réservé aux parents des enfants le 24 janvier&hellip;</p>

<!-- This site is optimized with the Yoast SEO plugin v20.7 - https://yoast.com/wordpress/plugins/seo/ -->
<title>Concerts - Fiesta Clasica</title>
<meta name="robots" content="index, follow, max-snippet:-1, max-image-preview:large, max-video-preview:-1" />
<link rel="canonical" href="https://www.fiestaclasica.org/fr/concerts/" />
<meta property="og:locale" content="fr_FR" />
<meta property="og:type" content="article" />
<meta property="og:title" content="Concerts - Fiesta Clasica" />
<meta property="og:description" content="[vc_row center_row= »yes » css= ».vc_custom_1461265259467{background-color: #e0e3e4 !important;} » el_id= »intro »][vc_column width= »1/2&Prime;][vc_column_text el_class= »intro-home »] Dès maintenant nous préparons la première saison de concerts de nos chœurs. L’objectif de ces concerts est de motiver les enfants et les jeunes du chœur et de l’orchestre. D’ores et déjà nous avons organisé un premier récital privé réservé aux parents des enfants le 24 janvier&hellip;" />
<meta property="og:url" content="https://www.fiestaclasica.org/fr/concerts/" />
<meta property="og:site_name" content="Fiesta Clasica" />
<meta property="article:publisher" content="https://www.facebook.com/FiestaClasica/" />
<meta property="article:modified_time" content="2017-04-07T21:26:10+00:00" />
<meta name="twitter:card" content="summary_large_image" />
<meta name="twitter:site" content="@fiestaclasica" />
<meta name="twitter:label1" content="Durée de lecture estimée" />
	<meta name="twitter:data1" content="1 minute" />
<script type="application/ld+json" class="yoast-schema-graph">{"@context":"https://schema.org","@graph":[{"@type":"WebPage","@id":"https://www.fiestaclasica.org/fr/concerts/","url":"https://www.fiestaclasica.org/fr/concerts/","name":"Concerts - Fiesta Clasica","isPartOf":{"@id":"https://www.fiestaclasica.org/#website"},"datePublished":"2016-04-12T13:40:52+00:00","dateModified":"2017-04-07T21:26:10+00:00","breadcrumb":{"@id":"https://www.fiestaclasica.org/fr/concerts/#breadcrumb"},"inLanguage":"fr-FR","potentialAction":[{"@type":"ReadAction","target":["https://www.fiestaclasica.org/fr/concerts/"]}]},{"@type":"BreadcrumbList","@id":"https://www.fiestaclasica.org/fr/concerts/#breadcrumb","itemListElement":[{"@type":"ListItem","position":1,"name":"Portada","item":"https://www.fiestaclasica.org/fr/"},{"@type":"ListItem","position":2,"name":"Concerts"}]},{"@type":"WebSite","@id":"https://www.fiestaclasica.org/#website","url":"https://www.fiestaclasica.org/","name":"Fiesta Clasica","description":"Fiesta Clasica","publisher":{"@id":"https://www.fiestaclasica.org/#organization"},"potentialAction":[{"@type":"SearchAction","target":{"@type":"EntryPoint","urlTemplate":"https://www.fiestaclasica.org/?s={search_term_string}"},"query-input":"required name=search_term_string"}],"inLanguage":"fr-FR"},{"@type":"Organization","@id":"https://www.fiestaclasica.org/#organization","name":"fiesta clasica","url":"https://www.fiestaclasica.org/","logo":{"@type":"ImageObject","inLanguage":"fr-FR","@id":"https://www.fiestaclasica.org/#/schema/logo/image/","url":"https://www.fiestaclasica.org/wp-content/uploads/2016/04/logo-FC-prensa.jpg","contentUrl":"https://www.fiestaclasica.org/wp-content/uploads/2016/04/logo-FC-prensa.jpg","width":449,"height":261,"caption":"fiesta clasica"},"image":{"@id":"https://www.fiestaclasica.org/#/schema/logo/image/"},"sameAs":["https://www.facebook.com/FiestaClasica/","https://twitter.com/fiestaclasica","https://www.instagram.com/fiestaclasica/","https://www.youtube.com/channel/UCt82JYKhPM3Th7pNLCA7-xw"]}]}</script>
<!-- / Yoast SEO plugin. -->

[vc_row center_row= »yes » css= ».vc_custom_1461265259467{background-color: #e0e3e4 !important;} » el_id= »intro »][vc_column width= »1/2&Prime;][vc_column_text el_class= »intro-home »] Dès maintenant nous préparons la première saison de concerts de nos chœurs. L’objectif de ces concerts est de motiver les enfants et les jeunes du chœur et de l’orchestre. D’ores et déjà nous avons organisé un premier récital privé réservé aux parents des enfants le 24 janvier&hellip;
