{"id":10593,"date":"2019-11-11T17:42:24","date_gmt":"2019-11-11T17:42:24","guid":{"rendered":"http:\/\/www.fiestaclasica.org\/?page_id=10593"},"modified":"2019-11-11T18:23:44","modified_gmt":"2019-11-11T18:23:44","slug":"marche-slave-23-janvier-2019","status":"publish","type":"page","link":"https:\/\/www.fiestaclasica.org\/fr\/multimedia\/marche-slave-23-janvier-2019\/","title":{"rendered":"Marche Slave &#8211; 23 janvier 2019"},"content":{"rendered":"[vc_row][vc_column][vc_column_text]<span style=\"font-weight: 400;\">L&rsquo;Orchestre Symphonique Juv\u00e9nile de la fondation interpr\u00e8te la Marche Slave de Tchaikovsky dans le cadre du concert de charit\u00e9 organis\u00e9 le 23 janvier 2019 au Palais des Beaux Arts de Saint Domingue sous la direction de Eduardo Abi Harb. Concertino: Laura Pe\u00f1a.<\/span>[\/vc_column_text][\/vc_column][\/vc_row]\n","protected":false},"excerpt":{"rendered":"<p>[vc_row][vc_column][vc_column_text]L&rsquo;Orchestre Symphonique Juv\u00e9nile de la fondation interpr\u00e8te la Marche Slave de Tchaikovsky dans le cadre du concert de charit\u00e9 organis\u00e9 le 23 janvier 2019 au Palais des Beaux Arts de Saint Domingue sous la direction de Eduardo Abi Harb. Concertino: Laura Pe\u00f1a.[\/vc_column_text][\/vc_column][\/vc_row]<\/p>\n","protected":false},"author":1,"featured_media":0,"parent":2288,"menu_order":0,"comment_status":"closed","ping_status":"closed","template":"","meta":[],"categories":[],"tags":[],"yoast_head":"<!-- This site is optimized with the Yoast SEO plugin v20.7 - https:\/\/yoast.com\/wordpress\/plugins\/seo\/ -->\n<title>Marche Slave - 23 janvier 2019 - Fiesta Clasica<\/title>\n<meta name=\"robots\" content=\"index, follow, max-snippet:-1, max-image-preview:large, max-video-preview:-1\" \/>\n<link rel=\"canonical\" href=\"https:\/\/www.fiestaclasica.org\/fr\/multimedia\/marche-slave-23-janvier-2019\/\" \/>\n<meta property=\"og:locale\" content=\"fr_FR\" \/>\n<meta property=\"og:type\" content=\"article\" \/>\n<meta property=\"og:title\" content=\"Marche Slave - 23 janvier 2019 - Fiesta Clasica\" \/>\n<meta property=\"og:description\" content=\"[vc_row][vc_column][vc_column_text]L&rsquo;Orchestre Symphonique Juv\u00e9nile de la fondation interpr\u00e8te la Marche Slave de Tchaikovsky dans le cadre du concert de charit\u00e9 organis\u00e9 le 23 janvier 2019 au Palais des Beaux Arts de Saint Domingue sous la direction de Eduardo Abi Harb. Concertino: Laura Pe\u00f1a.[\/vc_column_text][\/vc_column][\/vc_row]\" \/>\n<meta property=\"og:url\" content=\"https:\/\/www.fiestaclasica.org\/fr\/multimedia\/marche-slave-23-janvier-2019\/\" \/>\n<meta property=\"og:site_name\" content=\"Fiesta Clasica\" \/>\n<meta property=\"article:publisher\" content=\"https:\/\/www.facebook.com\/FiestaClasica\/\" \/>\n<meta property=\"article:modified_time\" content=\"2019-11-11T18:23:44+00:00\" \/>\n<meta name=\"twitter:card\" content=\"summary_large_image\" \/>\n<meta name=\"twitter:site\" content=\"@fiestaclasica\" \/>\n<script type=\"application\/ld+json\" class=\"yoast-schema-graph\">{\"@context\":\"https:\/\/schema.org\",\"@graph\":[{\"@type\":\"WebPage\",\"@id\":\"https:\/\/www.fiestaclasica.org\/fr\/multimedia\/marche-slave-23-janvier-2019\/\",\"url\":\"https:\/\/www.fiestaclasica.org\/fr\/multimedia\/marche-slave-23-janvier-2019\/\",\"name\":\"Marche Slave - 23 janvier 2019 - Fiesta Clasica\",\"isPartOf\":{\"@id\":\"https:\/\/www.fiestaclasica.org\/#website\"},\"datePublished\":\"2019-11-11T17:42:24+00:00\",\"dateModified\":\"2019-11-11T18:23:44+00:00\",\"breadcrumb\":{\"@id\":\"https:\/\/www.fiestaclasica.org\/fr\/multimedia\/marche-slave-23-janvier-2019\/#breadcrumb\"},\"inLanguage\":\"fr-FR\",\"potentialAction\":[{\"@type\":\"ReadAction\",\"target\":[\"https:\/\/www.fiestaclasica.org\/fr\/multimedia\/marche-slave-23-janvier-2019\/\"]}]},{\"@type\":\"BreadcrumbList\",\"@id\":\"https:\/\/www.fiestaclasica.org\/fr\/multimedia\/marche-slave-23-janvier-2019\/#breadcrumb\",\"itemListElement\":[{\"@type\":\"ListItem\",\"position\":1,\"name\":\"Portada\",\"item\":\"https:\/\/www.fiestaclasica.org\/fr\/\"},{\"@type\":\"ListItem\",\"position\":2,\"name\":\"Multimedia\",\"item\":\"https:\/\/www.fiestaclasica.org\/fr\/multimedia\/\"},{\"@type\":\"ListItem\",\"position\":3,\"name\":\"Marche Slave &#8211; 23 janvier 2019\"}]},{\"@type\":\"WebSite\",\"@id\":\"https:\/\/www.fiestaclasica.org\/#website\",\"url\":\"https:\/\/www.fiestaclasica.org\/\",\"name\":\"Fiesta Clasica\",\"description\":\"Fiesta Clasica\",\"publisher\":{\"@id\":\"https:\/\/www.fiestaclasica.org\/#organization\"},\"potentialAction\":[{\"@type\":\"SearchAction\",\"target\":{\"@type\":\"EntryPoint\",\"urlTemplate\":\"https:\/\/www.fiestaclasica.org\/?s={search_term_string}\"},\"query-input\":\"required name=search_term_string\"}],\"inLanguage\":\"fr-FR\"},{\"@type\":\"Organization\",\"@id\":\"https:\/\/www.fiestaclasica.org\/#organization\",\"name\":\"fiesta clasica\",\"url\":\"https:\/\/www.fiestaclasica.org\/\",\"logo\":{\"@type\":\"ImageObject\",\"inLanguage\":\"fr-FR\",\"@id\":\"https:\/\/www.fiestaclasica.org\/#\/schema\/logo\/image\/\",\"url\":\"https:\/\/www.fiestaclasica.org\/wp-content\/uploads\/2016\/04\/logo-FC-prensa.jpg\",\"contentUrl\":\"https:\/\/www.fiestaclasica.org\/wp-content\/uploads\/2016\/04\/logo-FC-prensa.jpg\",\"width\":449,\"height\":261,\"caption\":\"fiesta clasica\"},\"image\":{\"@id\":\"https:\/\/www.fiestaclasica.org\/#\/schema\/logo\/image\/\"},\"sameAs\":[\"https:\/\/www.facebook.com\/FiestaClasica\/\",\"https:\/\/twitter.com\/fiestaclasica\",\"https:\/\/www.instagram.com\/fiestaclasica\/\",\"https:\/\/www.youtube.com\/channel\/UCt82JYKhPM3Th7pNLCA7-xw\"]}]}<\/script>\n<!-- \/ Yoast SEO plugin. -->","yoast_head_json":{"title":"Marche Slave - 23 janvier 2019 - Fiesta Clasica","robots":{"index":"index","follow":"follow","max-snippet":"max-snippet:-1","max-image-preview":"max-image-preview:large","max-video-preview":"max-video-preview:-1"},"canonical":"https:\/\/www.fiestaclasica.org\/fr\/multimedia\/marche-slave-23-janvier-2019\/","og_locale":"fr_FR","og_type":"article","og_title":"Marche Slave - 23 janvier 2019 - Fiesta Clasica","og_description":"[vc_row][vc_column][vc_column_text]L&rsquo;Orchestre Symphonique Juv\u00e9nile de la fondation interpr\u00e8te la Marche Slave de Tchaikovsky dans le cadre du concert de charit\u00e9 organis\u00e9 le 23 janvier 2019 au Palais des Beaux Arts de Saint Domingue sous la direction de Eduardo Abi Harb. Concertino: Laura Pe\u00f1a.[\/vc_column_text][\/vc_column][\/vc_row]","og_url":"https:\/\/www.fiestaclasica.org\/fr\/multimedia\/marche-slave-23-janvier-2019\/","og_site_name":"Fiesta Clasica","article_publisher":"https:\/\/www.facebook.com\/FiestaClasica\/","article_modified_time":"2019-11-11T18:23:44+00:00","twitter_card":"summary_large_image","twitter_site":"@fiestaclasica","schema":{"@context":"https:\/\/schema.org","@graph":[{"@type":"WebPage","@id":"https:\/\/www.fiestaclasica.org\/fr\/multimedia\/marche-slave-23-janvier-2019\/","url":"https:\/\/www.fiestaclasica.org\/fr\/multimedia\/marche-slave-23-janvier-2019\/","name":"Marche Slave - 23 janvier 2019 - Fiesta Clasica","isPartOf":{"@id":"https:\/\/www.fiestaclasica.org\/#website"},"datePublished":"2019-11-11T17:42:24+00:00","dateModified":"2019-11-11T18:23:44+00:00","breadcrumb":{"@id":"https:\/\/www.fiestaclasica.org\/fr\/multimedia\/marche-slave-23-janvier-2019\/#breadcrumb"},"inLanguage":"fr-FR","potentialAction":[{"@type":"ReadAction","target":["https:\/\/www.fiestaclasica.org\/fr\/multimedia\/marche-slave-23-janvier-2019\/"]}]},{"@type":"BreadcrumbList","@id":"https:\/\/www.fiestaclasica.org\/fr\/multimedia\/marche-slave-23-janvier-2019\/#breadcrumb","itemListElement":[{"@type":"ListItem","position":1,"name":"Portada","item":"https:\/\/www.fiestaclasica.org\/fr\/"},{"@type":"ListItem","position":2,"name":"Multimedia","item":"https:\/\/www.fiestaclasica.org\/fr\/multimedia\/"},{"@type":"ListItem","position":3,"name":"Marche Slave &#8211; 23 janvier 2019"}]},{"@type":"WebSite","@id":"https:\/\/www.fiestaclasica.org\/#website","url":"https:\/\/www.fiestaclasica.org\/","name":"Fiesta Clasica","description":"Fiesta Clasica","publisher":{"@id":"https:\/\/www.fiestaclasica.org\/#organization"},"potentialAction":[{"@type":"SearchAction","target":{"@type":"EntryPoint","urlTemplate":"https:\/\/www.fiestaclasica.org\/?s={search_term_string}"},"query-input":"required name=search_term_string"}],"inLanguage":"fr-FR"},{"@type":"Organization","@id":"https:\/\/www.fiestaclasica.org\/#organization","name":"fiesta clasica","url":"https:\/\/www.fiestaclasica.org\/","logo":{"@type":"ImageObject","inLanguage":"fr-FR","@id":"https:\/\/www.fiestaclasica.org\/#\/schema\/logo\/image\/","url":"https:\/\/www.fiestaclasica.org\/wp-content\/uploads\/2016\/04\/logo-FC-prensa.jpg","contentUrl":"https:\/\/www.fiestaclasica.org\/wp-content\/uploads\/2016\/04\/logo-FC-prensa.jpg","width":449,"height":261,"caption":"fiesta clasica"},"image":{"@id":"https:\/\/www.fiestaclasica.org\/#\/schema\/logo\/image\/"},"sameAs":["https:\/\/www.facebook.com\/FiestaClasica\/","https:\/\/twitter.com\/fiestaclasica","https:\/\/www.instagram.com\/fiestaclasica\/","https:\/\/www.youtube.com\/channel\/UCt82JYKhPM3Th7pNLCA7-xw"]}]}},"_links":{"self":[{"href":"https:\/\/www.fiestaclasica.org\/fr\/wp-json\/wp\/v2\/pages\/10593\/"}],"collection":[{"href":"https:\/\/www.fiestaclasica.org\/fr\/wp-json\/wp\/v2\/pages\/"}],"about":[{"href":"https:\/\/www.fiestaclasica.org\/fr\/wp-json\/wp\/v2\/types\/page\/"}],"author":[{"embeddable":true,"href":"https:\/\/www.fiestaclasica.org\/fr\/wp-json\/wp\/v2\/users\/1\/"}],"replies":[{"embeddable":true,"href":"https:\/\/www.fiestaclasica.org\/fr\/wp-json\/wp\/v2\/comments\/?post=10593"}],"version-history":[{"count":5,"href":"https:\/\/www.fiestaclasica.org\/fr\/wp-json\/wp\/v2\/pages\/10593\/revisions\/"}],"predecessor-version":[{"id":10605,"href":"https:\/\/www.fiestaclasica.org\/fr\/wp-json\/wp\/v2\/pages\/10593\/revisions\/10605\/"}],"up":[{"embeddable":true,"href":"https:\/\/www.fiestaclasica.org\/fr\/wp-json\/wp\/v2\/pages\/2288\/"}],"wp:attachment":[{"href":"https:\/\/www.fiestaclasica.org\/fr\/wp-json\/wp\/v2\/media\/?parent=10593"}],"wp:term":[{"taxonomy":"category","embeddable":true,"href":"https:\/\/www.fiestaclasica.org\/fr\/wp-json\/wp\/v2\/categories\/?post=10593"},{"taxonomy":"post_tag","embeddable":true,"href":"https:\/\/www.fiestaclasica.org\/fr\/wp-json\/wp\/v2\/tags\/?post=10593"}],"curies":[{"name":"wp","href":"https:\/\/api.w.org\/{rel}","templated":true}]}}

[vc_row][vc_column][vc_column_text]<span style="font-weight: 400;">L&rsquo;Orchestre Symphonique Juvénile de la fondation interprète la Marche Slave de Tchaikovsky dans le cadre du concert de charité organisé le 23 janvier 2019 au Palais des Beaux Arts de Saint Domingue sous la direction de Eduardo Abi Harb. Concertino: Laura Peña.</span>[/vc_column_text][/vc_column][/vc_row]

<p>[vc_row][vc_column][vc_column_text]L&rsquo;Orchestre Symphonique Juvénile de la fondation interprète la Marche Slave de Tchaikovsky dans le cadre du concert de charité organisé le 23 janvier 2019 au Palais des Beaux Arts de Saint Domingue sous la direction de Eduardo Abi Harb. Concertino: Laura Peña.[/vc_column_text][/vc_column][/vc_row]</p>

<!-- This site is optimized with the Yoast SEO plugin v20.7 - https://yoast.com/wordpress/plugins/seo/ -->
<title>Marche Slave - 23 janvier 2019 - Fiesta Clasica</title>
<meta name="robots" content="index, follow, max-snippet:-1, max-image-preview:large, max-video-preview:-1" />
<link rel="canonical" href="https://www.fiestaclasica.org/fr/multimedia/marche-slave-23-janvier-2019/" />
<meta property="og:locale" content="fr_FR" />
<meta property="og:type" content="article" />
<meta property="og:title" content="Marche Slave - 23 janvier 2019 - Fiesta Clasica" />
<meta property="og:description" content="[vc_row][vc_column][vc_column_text]L&rsquo;Orchestre Symphonique Juvénile de la fondation interprète la Marche Slave de Tchaikovsky dans le cadre du concert de charité organisé le 23 janvier 2019 au Palais des Beaux Arts de Saint Domingue sous la direction de Eduardo Abi Harb. Concertino: Laura Peña.[/vc_column_text][/vc_column][/vc_row]" />
<meta property="og:url" content="https://www.fiestaclasica.org/fr/multimedia/marche-slave-23-janvier-2019/" />
<meta property="og:site_name" content="Fiesta Clasica" />
<meta property="article:publisher" content="https://www.facebook.com/FiestaClasica/" />
<meta property="article:modified_time" content="2019-11-11T18:23:44+00:00" />
<meta name="twitter:card" content="summary_large_image" />
<meta name="twitter:site" content="@fiestaclasica" />
<script type="application/ld+json" class="yoast-schema-graph">{"@context":"https://schema.org","@graph":[{"@type":"WebPage","@id":"https://www.fiestaclasica.org/fr/multimedia/marche-slave-23-janvier-2019/","url":"https://www.fiestaclasica.org/fr/multimedia/marche-slave-23-janvier-2019/","name":"Marche Slave - 23 janvier 2019 - Fiesta Clasica","isPartOf":{"@id":"https://www.fiestaclasica.org/#website"},"datePublished":"2019-11-11T17:42:24+00:00","dateModified":"2019-11-11T18:23:44+00:00","breadcrumb":{"@id":"https://www.fiestaclasica.org/fr/multimedia/marche-slave-23-janvier-2019/#breadcrumb"},"inLanguage":"fr-FR","potentialAction":[{"@type":"ReadAction","target":["https://www.fiestaclasica.org/fr/multimedia/marche-slave-23-janvier-2019/"]}]},{"@type":"BreadcrumbList","@id":"https://www.fiestaclasica.org/fr/multimedia/marche-slave-23-janvier-2019/#breadcrumb","itemListElement":[{"@type":"ListItem","position":1,"name":"Portada","item":"https://www.fiestaclasica.org/fr/"},{"@type":"ListItem","position":2,"name":"Multimedia","item":"https://www.fiestaclasica.org/fr/multimedia/"},{"@type":"ListItem","position":3,"name":"Marche Slave &#8211; 23 janvier 2019"}]},{"@type":"WebSite","@id":"https://www.fiestaclasica.org/#website","url":"https://www.fiestaclasica.org/","name":"Fiesta Clasica","description":"Fiesta Clasica","publisher":{"@id":"https://www.fiestaclasica.org/#organization"},"potentialAction":[{"@type":"SearchAction","target":{"@type":"EntryPoint","urlTemplate":"https://www.fiestaclasica.org/?s={search_term_string}"},"query-input":"required name=search_term_string"}],"inLanguage":"fr-FR"},{"@type":"Organization","@id":"https://www.fiestaclasica.org/#organization","name":"fiesta clasica","url":"https://www.fiestaclasica.org/","logo":{"@type":"ImageObject","inLanguage":"fr-FR","@id":"https://www.fiestaclasica.org/#/schema/logo/image/","url":"https://www.fiestaclasica.org/wp-content/uploads/2016/04/logo-FC-prensa.jpg","contentUrl":"https://www.fiestaclasica.org/wp-content/uploads/2016/04/logo-FC-prensa.jpg","width":449,"height":261,"caption":"fiesta clasica"},"image":{"@id":"https://www.fiestaclasica.org/#/schema/logo/image/"},"sameAs":["https://www.facebook.com/FiestaClasica/","https://twitter.com/fiestaclasica","https://www.instagram.com/fiestaclasica/","https://www.youtube.com/channel/UCt82JYKhPM3Th7pNLCA7-xw"]}]}</script>
<!-- / Yoast SEO plugin. -->

[vc_row][vc_column][vc_column_text]L&rsquo;Orchestre Symphonique Juvénile de la fondation interprète la Marche Slave de Tchaikovsky dans le cadre du concert de charité organisé le 23 janvier 2019 au Palais des Beaux Arts de Saint Domingue sous la direction de Eduardo Abi Harb. Concertino: Laura Peña.[/vc_column_text][/vc_column][/vc_row]
