{"version":"1.0","provider_name":"Fiesta Clasica","provider_url":"https:\/\/www.fiestaclasica.org\/fr\/","author_name":"webzwin","author_url":"https:\/\/www.fiestaclasica.org\/fr\/author\/webzwin\/","title":"La Mer de Charles Trenet 23 janvier 2019 - Fiesta Clasica","type":"rich","width":600,"height":338,"html":"<blockquote class=\"wp-embedded-content\" data-secret=\"EClJIMCYCH\"><a href=\"https:\/\/www.fiestaclasica.org\/fr\/multimedia\/la-mer-de-charles-trenet-23-janvier-2019\/\">La Mer de Charles Trenet 23 janvier 2019<\/a><\/blockquote><iframe sandbox=\"allow-scripts\" security=\"restricted\" src=\"https:\/\/www.fiestaclasica.org\/fr\/multimedia\/la-mer-de-charles-trenet-23-janvier-2019\/embed\/#?secret=EClJIMCYCH\" width=\"600\" height=\"338\" title=\"\u00ab\u00a0La Mer de Charles Trenet 23 janvier 2019\u00a0\u00bb &#8212; Fiesta Clasica\" data-secret=\"EClJIMCYCH\" frameborder=\"0\" marginwidth=\"0\" marginheight=\"0\" scrolling=\"no\" class=\"wp-embedded-content\"><\/iframe><script>\n\/*! This file is auto-generated *\/\n!function(c,d){\"use strict\";var e=!1,o=!1;if(d.querySelector)if(c.addEventListener)e=!0;if(c.wp=c.wp||{},c.wp.receiveEmbedMessage);else if(c.wp.receiveEmbedMessage=function(e){var t=e.data;if(!t);else if(!(t.secret||t.message||t.value));else if(\/[^a-zA-Z0-9]\/.test(t.secret));else{for(var r,s,a,i=d.querySelectorAll('iframe[data-secret=\"'+t.secret+'\"]'),n=d.querySelectorAll('blockquote[data-secret=\"'+t.secret+'\"]'),o=new RegExp(\"^https?:$\",\"i\"),l=0;l<n.length;l++)n[l].style.display=\"none\";for(l=0;l<i.length;l++)if(r=i[l],e.source!==r.contentWindow);else{if(r.removeAttribute(\"style\"),\"height\"===t.message){if(1e3<(s=parseInt(t.value,10)))s=1e3;else if(~~s<200)s=200;r.height=s}if(\"link\"===t.message)if(s=d.createElement(\"a\"),a=d.createElement(\"a\"),s.href=r.getAttribute(\"src\"),a.href=t.value,!o.test(a.protocol));else if(a.host===s.host)if(d.activeElement===r)c.top.location.href=t.value}}},e)c.addEventListener(\"message\",c.wp.receiveEmbedMessage,!1),d.addEventListener(\"DOMContentLoaded\",t,!1),c.addEventListener(\"load\",t,!1);function t(){if(o);else{o=!0;for(var e,t,r,s=-1!==navigator.appVersion.indexOf(\"MSIE 10\"),a=!!navigator.userAgent.match(\/Trident.*rv:11\\.\/),i=d.querySelectorAll(\"iframe.wp-embedded-content\"),n=0;n<i.length;n++){if(!(r=(t=i[n]).getAttribute(\"data-secret\")))r=Math.random().toString(36).substr(2,10),t.src+=\"#?secret=\"+r,t.setAttribute(\"data-secret\",r);if(s||a)(e=t.cloneNode(!0)).removeAttribute(\"security\"),t.parentNode.replaceChild(e,t);t.contentWindow.postMessage({message:\"ready\",secret:r},\"*\")}}}}(window,document);\n<\/script>\n","thumbnail_url":"https:\/\/www.fiestaclasica.org\/wp-content\/uploads\/2019\/05\/Not_concierto_celado_2019_img_49.jpg","thumbnail_width":1280,"thumbnail_height":960,"description":"[vc_row][vc_column el_class=\u00a0\u00bbintro-gallery\u00a0\u00bb][vc_raw_js]JTNDc2NyaXB0JTIwdHlwZSUzRCUyMnRleHQlMkZqYXZhc2NyaXB0JTIyJTNFJTBBZG9jdW1lbnQuZ2V0RWxlbWVudEJ5SWQlMjglMjJvdXRlci13cmFwJTIyJTI5LmNsYXNzTmFtZSUyMCUzRCUyMCUyMnBhZ2UtbWVkaWElMjIlM0IlMEElM0MlMkZzY3JpcHQlM0U=[\/vc_raw_js][vc_column_text]Le Choeur Infantile de Fiesta Cl\u00e1sica interpr\u00e8te \u201cLa Mer\u201d de Charles Trenet dans le cadre du concert de charit\u00e9 organis\u00e9 le 23 janvier 2019 au Palais des Beaux Arts de Saint Domingue. Direction chorale: Jos\u00e9 Brice\u00f1o et Lucymar Melendez. [\/vc_column_text][\/vc_column][\/vc_row][vc_row][vc_column el_class=\u00a0\u00bbblock-gallery\u00a0\u00bb][vc_video link=\u00a0\u00bbhttps:\/\/www.youtube.com\/watch?v=yiL-Wm1JBCg\u00a0\u00bb][\/vc_column][\/vc_row]"}

[vc_row][vc_column el_class= »intro-gallery »][vc_raw_js]JTNDc2NyaXB0JTIwdHlwZSUzRCUyMnRleHQlMkZqYXZhc2NyaXB0JTIyJTNFJTBBZG9jdW1lbnQuZ2V0RWxlbWVudEJ5SWQlMjglMjJvdXRlci13cmFwJTIyJTI5LmNsYXNzTmFtZSUyMCUzRCUyMCUyMnBhZ2UtbWVkaWElMjIlM0IlMEElM0MlMkZzY3JpcHQlM0U=[/vc_raw_js][vc_column_text]Le Choeur Infantile de Fiesta Clásica interprète “La Mer” de Charles Trenet dans le cadre du concert de charité organisé le 23 janvier 2019 au Palais des Beaux Arts de Saint Domingue. Direction chorale: José Briceño et Lucymar Melendez. [/vc_column_text][/vc_column][/vc_row][vc_row][vc_column el_class= »block-gallery »][vc_video link= »https://www.youtube.com/watch?v=yiL-Wm1JBCg »][/vc_column][/vc_row]
