{"version":"1.0","provider_name":"Fiesta Clasica","provider_url":"https:\/\/www.fiestaclasica.org\/fr\/","author_name":"webzwin","author_url":"https:\/\/www.fiestaclasica.org\/fr\/author\/webzwin\/","title":"F\u00eate de la Musique 2019 - Fiesta Clasica","type":"rich","width":600,"height":338,"html":"<blockquote class=\"wp-embedded-content\" data-secret=\"1YTfFoUTyj\"><a href=\"https:\/\/www.fiestaclasica.org\/fr\/fete-de-la-musique-2019\/\">F\u00eate de la Musique 2019<\/a><\/blockquote><iframe sandbox=\"allow-scripts\" security=\"restricted\" src=\"https:\/\/www.fiestaclasica.org\/fr\/fete-de-la-musique-2019\/embed\/#?secret=1YTfFoUTyj\" width=\"600\" height=\"338\" title=\"\u00ab\u00a0F\u00eate de la Musique 2019\u00a0\u00bb &#8212; Fiesta Clasica\" data-secret=\"1YTfFoUTyj\" frameborder=\"0\" marginwidth=\"0\" marginheight=\"0\" scrolling=\"no\" class=\"wp-embedded-content\"><\/iframe><script>\n\/*! This file is auto-generated *\/\n!function(c,d){\"use strict\";var e=!1,o=!1;if(d.querySelector)if(c.addEventListener)e=!0;if(c.wp=c.wp||{},c.wp.receiveEmbedMessage);else if(c.wp.receiveEmbedMessage=function(e){var t=e.data;if(!t);else if(!(t.secret||t.message||t.value));else if(\/[^a-zA-Z0-9]\/.test(t.secret));else{for(var r,s,a,i=d.querySelectorAll('iframe[data-secret=\"'+t.secret+'\"]'),n=d.querySelectorAll('blockquote[data-secret=\"'+t.secret+'\"]'),o=new RegExp(\"^https?:$\",\"i\"),l=0;l<n.length;l++)n[l].style.display=\"none\";for(l=0;l<i.length;l++)if(r=i[l],e.source!==r.contentWindow);else{if(r.removeAttribute(\"style\"),\"height\"===t.message){if(1e3<(s=parseInt(t.value,10)))s=1e3;else if(~~s<200)s=200;r.height=s}if(\"link\"===t.message)if(s=d.createElement(\"a\"),a=d.createElement(\"a\"),s.href=r.getAttribute(\"src\"),a.href=t.value,!o.test(a.protocol));else if(a.host===s.host)if(d.activeElement===r)c.top.location.href=t.value}}},e)c.addEventListener(\"message\",c.wp.receiveEmbedMessage,!1),d.addEventListener(\"DOMContentLoaded\",t,!1),c.addEventListener(\"load\",t,!1);function t(){if(o);else{o=!0;for(var e,t,r,s=-1!==navigator.appVersion.indexOf(\"MSIE 10\"),a=!!navigator.userAgent.match(\/Trident.*rv:11\\.\/),i=d.querySelectorAll(\"iframe.wp-embedded-content\"),n=0;n<i.length;n++){if(!(r=(t=i[n]).getAttribute(\"data-secret\")))r=Math.random().toString(36).substr(2,10),t.src+=\"#?secret=\"+r,t.setAttribute(\"data-secret\",r);if(s||a)(e=t.cloneNode(!0)).removeAttribute(\"security\"),t.parentNode.replaceChild(e,t);t.contentWindow.postMessage({message:\"ready\",secret:r},\"*\")}}}}(window,document);\n<\/script>\n","thumbnail_url":"https:\/\/www.fiestaclasica.org\/wp-content\/uploads\/2019\/05\/VignetteFe\u0302teMusique_ok.jpg","thumbnail_width":1280,"thumbnail_height":853,"description":"[vc_row][vc_column][vc_column_text]Pour la 3e ann\u00e9e cons\u00e9cutive, Fiesta Cl\u00e1sica est invit\u00e9e \u00e0 participer \u00e0 la F\u00eate de la Musique organis\u00e9e comme chaque ann\u00e9e par l\u2019Alliance Fran\u00e7aise de Saint Domingue. Cette ann\u00e9e nos \u00e9l\u00e8ves disposeront d\u2019un espace enti\u00e8rement r\u00e9serv\u00e9: la Hodelpa Casa Real situ\u00e9e au coeur de la Zone coloniale. Cet espace r\u00e9cemment r\u00e9nov\u00e9 est constitu\u00e9 d\u2019un patio&hellip;"}

Fête de la Musique 2019 - Fiesta Clasica

<blockquote class="wp-embedded-content" data-secret="1YTfFoUTyj"><a href="https://www.fiestaclasica.org/fr/fete-de-la-musique-2019/">Fête de la Musique 2019</a></blockquote><iframe sandbox="allow-scripts" security="restricted" src="https://www.fiestaclasica.org/fr/fete-de-la-musique-2019/embed/#?secret=1YTfFoUTyj" width="600" height="338" title="« Fête de la Musique 2019 » &#8212; Fiesta Clasica" data-secret="1YTfFoUTyj" frameborder="0" marginwidth="0" marginheight="0" scrolling="no" class="wp-embedded-content"></iframe><script>
/*! This file is auto-generated */
!function(c,d){"use strict";var e=!1,o=!1;if(d.querySelector)if(c.addEventListener)e=!0;if(c.wp=c.wp||{},c.wp.receiveEmbedMessage);else if(c.wp.receiveEmbedMessage=function(e){var t=e.data;if(!t);else if(!(t.secret||t.message||t.value));else if(/[^a-zA-Z0-9]/.test(t.secret));else{for(var r,s,a,i=d.querySelectorAll('iframe[data-secret="'+t.secret+'"]'),n=d.querySelectorAll('blockquote[data-secret="'+t.secret+'"]'),o=new RegExp("^https?:$","i"),l=0;l<n.length;l++)n[l].style.display="none";for(l=0;l<i.length;l++)if(r=i[l],e.source!==r.contentWindow);else{if(r.removeAttribute("style"),"height"===t.message){if(1e3<(s=parseInt(t.value,10)))s=1e3;else if(~~s<200)s=200;r.height=s}if("link"===t.message)if(s=d.createElement("a"),a=d.createElement("a"),s.href=r.getAttribute("src"),a.href=t.value,!o.test(a.protocol));else if(a.host===s.host)if(d.activeElement===r)c.top.location.href=t.value}}},e)c.addEventListener("message",c.wp.receiveEmbedMessage,!1),d.addEventListener("DOMContentLoaded",t,!1),c.addEventListener("load",t,!1);function t(){if(o);else{o=!0;for(var e,t,r,s=-1!==navigator.appVersion.indexOf("MSIE 10"),a=!!navigator.userAgent.match(/Trident.*rv:11\./),i=d.querySelectorAll("iframe.wp-embedded-content"),n=0;n<i.length;n++){if(!(r=(t=i[n]).getAttribute("data-secret")))r=Math.random().toString(36).substr(2,10),t.src+="#?secret="+r,t.setAttribute("data-secret",r);if(s||a)(e=t.cloneNode(!0)).removeAttribute("security"),t.parentNode.replaceChild(e,t);t.contentWindow.postMessage({message:"ready",secret:r},"*")}}}}(window,document);
</script>

[vc_row][vc_column][vc_column_text]Pour la 3e année consécutive, Fiesta Clásica est invitée à participer à la Fête de la Musique organisée comme chaque année par l’Alliance Française de Saint Domingue. Cette année nos élèves disposeront d’un espace entièrement réservé: la Hodelpa Casa Real située au coeur de la Zone coloniale. Cet espace récemment rénové est constitué d’un patio&hellip;
