{"version":"1.0","provider_name":"Fiesta Clasica","provider_url":"https:\/\/www.fiestaclasica.org\/fr\/","author_name":"webzwin","author_url":"https:\/\/www.fiestaclasica.org\/fr\/author\/webzwin\/","title":"Concerts - Fiesta Clasica","type":"rich","width":600,"height":338,"html":"<blockquote class=\"wp-embedded-content\" data-secret=\"KKFh0i4v4e\"><a href=\"https:\/\/www.fiestaclasica.org\/fr\/concerts\/\">Concerts<\/a><\/blockquote><iframe sandbox=\"allow-scripts\" security=\"restricted\" src=\"https:\/\/www.fiestaclasica.org\/fr\/concerts\/embed\/#?secret=KKFh0i4v4e\" width=\"600\" height=\"338\" title=\"\u00ab\u00a0Concerts\u00a0\u00bb &#8212; Fiesta Clasica\" data-secret=\"KKFh0i4v4e\" frameborder=\"0\" marginwidth=\"0\" marginheight=\"0\" scrolling=\"no\" class=\"wp-embedded-content\"><\/iframe><script>\n\/*! This file is auto-generated *\/\n!function(c,d){\"use strict\";var e=!1,o=!1;if(d.querySelector)if(c.addEventListener)e=!0;if(c.wp=c.wp||{},c.wp.receiveEmbedMessage);else if(c.wp.receiveEmbedMessage=function(e){var t=e.data;if(!t);else if(!(t.secret||t.message||t.value));else if(\/[^a-zA-Z0-9]\/.test(t.secret));else{for(var r,s,a,i=d.querySelectorAll('iframe[data-secret=\"'+t.secret+'\"]'),n=d.querySelectorAll('blockquote[data-secret=\"'+t.secret+'\"]'),o=new RegExp(\"^https?:$\",\"i\"),l=0;l<n.length;l++)n[l].style.display=\"none\";for(l=0;l<i.length;l++)if(r=i[l],e.source!==r.contentWindow);else{if(r.removeAttribute(\"style\"),\"height\"===t.message){if(1e3<(s=parseInt(t.value,10)))s=1e3;else if(~~s<200)s=200;r.height=s}if(\"link\"===t.message)if(s=d.createElement(\"a\"),a=d.createElement(\"a\"),s.href=r.getAttribute(\"src\"),a.href=t.value,!o.test(a.protocol));else if(a.host===s.host)if(d.activeElement===r)c.top.location.href=t.value}}},e)c.addEventListener(\"message\",c.wp.receiveEmbedMessage,!1),d.addEventListener(\"DOMContentLoaded\",t,!1),c.addEventListener(\"load\",t,!1);function t(){if(o);else{o=!0;for(var e,t,r,s=-1!==navigator.appVersion.indexOf(\"MSIE 10\"),a=!!navigator.userAgent.match(\/Trident.*rv:11\\.\/),i=d.querySelectorAll(\"iframe.wp-embedded-content\"),n=0;n<i.length;n++){if(!(r=(t=i[n]).getAttribute(\"data-secret\")))r=Math.random().toString(36).substr(2,10),t.src+=\"#?secret=\"+r,t.setAttribute(\"data-secret\",r);if(s||a)(e=t.cloneNode(!0)).removeAttribute(\"security\"),t.parentNode.replaceChild(e,t);t.contentWindow.postMessage({message:\"ready\",secret:r},\"*\")}}}}(window,document);\n<\/script>\n","description":"[vc_row center_row=\u00a0\u00bbyes\u00a0\u00bb css=\u00a0\u00bb.vc_custom_1461265259467{background-color: #e0e3e4 !important;}\u00a0\u00bb el_id=\u00a0\u00bbintro\u00a0\u00bb][vc_column width=\u00a0\u00bb1\/2&Prime;][vc_column_text el_class=\u00a0\u00bbintro-home\u00a0\u00bb] D\u00e8s maintenant nous pr\u00e9parons la premi\u00e8re saison de concerts de nos ch\u0153urs. L\u2019objectif de ces concerts est de motiver les enfants et les jeunes du ch\u0153ur et de l\u2019orchestre. D\u2019ores et d\u00e9j\u00e0 nous avons organis\u00e9 un premier r\u00e9cital priv\u00e9 r\u00e9serv\u00e9 aux parents des enfants le 24 janvier&hellip;"}

[vc_row center_row= »yes » css= ».vc_custom_1461265259467{background-color: #e0e3e4 !important;} » el_id= »intro »][vc_column width= »1/2&Prime;][vc_column_text el_class= »intro-home »] Dès maintenant nous préparons la première saison de concerts de nos chœurs. L’objectif de ces concerts est de motiver les enfants et les jeunes du chœur et de l’orchestre. D’ores et déjà nous avons organisé un premier récital privé réservé aux parents des enfants le 24 janvier&hellip;
