{"version":"1.0","provider_name":"Fiesta Clasica","provider_url":"https:\/\/www.fiestaclasica.org\/fr\/","author_name":"franck","author_url":"https:\/\/www.fiestaclasica.org\/fr\/author\/franck\/","title":"Concert pour \"La Hora del Planeta\" - Fiesta Clasica","type":"rich","width":600,"height":338,"html":"<blockquote class=\"wp-embedded-content\" data-secret=\"RXyqCQouXu\"><a href=\"https:\/\/www.fiestaclasica.org\/fr\/concert-pour-la-hora-del-planeta\/\">Concert pour \u00ab\u00a0La Hora del Planeta\u00a0\u00bb<\/a><\/blockquote><iframe sandbox=\"allow-scripts\" security=\"restricted\" src=\"https:\/\/www.fiestaclasica.org\/fr\/concert-pour-la-hora-del-planeta\/embed\/#?secret=RXyqCQouXu\" width=\"600\" height=\"338\" title=\"\u00ab\u00a0Concert pour \u00ab\u00a0La Hora del Planeta\u00a0\u00bb\u00a0\u00bb &#8212; Fiesta Clasica\" data-secret=\"RXyqCQouXu\" frameborder=\"0\" marginwidth=\"0\" marginheight=\"0\" scrolling=\"no\" class=\"wp-embedded-content\"><\/iframe><script>\n\/*! This file is auto-generated *\/\n!function(c,d){\"use strict\";var e=!1,o=!1;if(d.querySelector)if(c.addEventListener)e=!0;if(c.wp=c.wp||{},c.wp.receiveEmbedMessage);else if(c.wp.receiveEmbedMessage=function(e){var t=e.data;if(!t);else if(!(t.secret||t.message||t.value));else if(\/[^a-zA-Z0-9]\/.test(t.secret));else{for(var r,s,a,i=d.querySelectorAll('iframe[data-secret=\"'+t.secret+'\"]'),n=d.querySelectorAll('blockquote[data-secret=\"'+t.secret+'\"]'),o=new RegExp(\"^https?:$\",\"i\"),l=0;l<n.length;l++)n[l].style.display=\"none\";for(l=0;l<i.length;l++)if(r=i[l],e.source!==r.contentWindow);else{if(r.removeAttribute(\"style\"),\"height\"===t.message){if(1e3<(s=parseInt(t.value,10)))s=1e3;else if(~~s<200)s=200;r.height=s}if(\"link\"===t.message)if(s=d.createElement(\"a\"),a=d.createElement(\"a\"),s.href=r.getAttribute(\"src\"),a.href=t.value,!o.test(a.protocol));else if(a.host===s.host)if(d.activeElement===r)c.top.location.href=t.value}}},e)c.addEventListener(\"message\",c.wp.receiveEmbedMessage,!1),d.addEventListener(\"DOMContentLoaded\",t,!1),c.addEventListener(\"load\",t,!1);function t(){if(o);else{o=!0;for(var e,t,r,s=-1!==navigator.appVersion.indexOf(\"MSIE 10\"),a=!!navigator.userAgent.match(\/Trident.*rv:11\\.\/),i=d.querySelectorAll(\"iframe.wp-embedded-content\"),n=0;n<i.length;n++){if(!(r=(t=i[n]).getAttribute(\"data-secret\")))r=Math.random().toString(36).substr(2,10),t.src+=\"#?secret=\"+r,t.setAttribute(\"data-secret\",r);if(s||a)(e=t.cloneNode(!0)).removeAttribute(\"security\"),t.parentNode.replaceChild(e,t);t.contentWindow.postMessage({message:\"ready\",secret:r},\"*\")}}}}(window,document);\n<\/script>\n","thumbnail_url":"https:\/\/www.fiestaclasica.org\/wp-content\/uploads\/2017\/03\/Untitled-7.png","thumbnail_width":847,"thumbnail_height":565,"description":"Saint Domingue \u2013 25 Mars 2017:\u00a0Ce samedi, le choeur des jeunes a \u00e9t\u00e9 invit\u00e9 \u00e0 participer \u00e0 \u201cLa hora del Planeta\u201d pour donner un r\u00e9cital sur la Plaza de Espa\u00f1a site embl\u00e9matique de la Zona Colonial. Un grand merci aux organisateurs pour leur accueil et au public pour son soutien. &nbsp;"}

Saint Domingue – 25 Mars 2017: Ce samedi, le choeur des jeunes a été invité à participer à “La hora del Planeta” pour donner un récital sur la Plaza de España site emblématique de la Zona Colonial. Un grand merci aux organisateurs pour leur accueil et au public pour son soutien. &nbsp;
