{"version":"1.0","provider_name":"Fiesta Clasica","provider_url":"https:\/\/www.fiestaclasica.org\/fr\/","author_name":"webzwin","author_url":"https:\/\/www.fiestaclasica.org\/fr\/author\/webzwin\/","title":"Concert \u00e0 Agora Mall - Fiesta Clasica","type":"rich","width":600,"height":338,"html":"<blockquote class=\"wp-embedded-content\" data-secret=\"E6SgEZ4R0W\"><a href=\"https:\/\/www.fiestaclasica.org\/fr\/concert-a-agora-mall\/\">Concert \u00e0 Agora Mall<\/a><\/blockquote><iframe sandbox=\"allow-scripts\" security=\"restricted\" src=\"https:\/\/www.fiestaclasica.org\/fr\/concert-a-agora-mall\/embed\/#?secret=E6SgEZ4R0W\" width=\"600\" height=\"338\" title=\"\u00ab\u00a0Concert \u00e0 Agora Mall\u00a0\u00bb &#8212; Fiesta Clasica\" data-secret=\"E6SgEZ4R0W\" frameborder=\"0\" marginwidth=\"0\" marginheight=\"0\" scrolling=\"no\" class=\"wp-embedded-content\"><\/iframe><script>\n\/*! This file is auto-generated *\/\n!function(c,d){\"use strict\";var e=!1,o=!1;if(d.querySelector)if(c.addEventListener)e=!0;if(c.wp=c.wp||{},c.wp.receiveEmbedMessage);else if(c.wp.receiveEmbedMessage=function(e){var t=e.data;if(!t);else if(!(t.secret||t.message||t.value));else if(\/[^a-zA-Z0-9]\/.test(t.secret));else{for(var r,s,a,i=d.querySelectorAll('iframe[data-secret=\"'+t.secret+'\"]'),n=d.querySelectorAll('blockquote[data-secret=\"'+t.secret+'\"]'),o=new RegExp(\"^https?:$\",\"i\"),l=0;l<n.length;l++)n[l].style.display=\"none\";for(l=0;l<i.length;l++)if(r=i[l],e.source!==r.contentWindow);else{if(r.removeAttribute(\"style\"),\"height\"===t.message){if(1e3<(s=parseInt(t.value,10)))s=1e3;else if(~~s<200)s=200;r.height=s}if(\"link\"===t.message)if(s=d.createElement(\"a\"),a=d.createElement(\"a\"),s.href=r.getAttribute(\"src\"),a.href=t.value,!o.test(a.protocol));else if(a.host===s.host)if(d.activeElement===r)c.top.location.href=t.value}}},e)c.addEventListener(\"message\",c.wp.receiveEmbedMessage,!1),d.addEventListener(\"DOMContentLoaded\",t,!1),c.addEventListener(\"load\",t,!1);function t(){if(o);else{o=!0;for(var e,t,r,s=-1!==navigator.appVersion.indexOf(\"MSIE 10\"),a=!!navigator.userAgent.match(\/Trident.*rv:11\\.\/),i=d.querySelectorAll(\"iframe.wp-embedded-content\"),n=0;n<i.length;n++){if(!(r=(t=i[n]).getAttribute(\"data-secret\")))r=Math.random().toString(36).substr(2,10),t.src+=\"#?secret=\"+r,t.setAttribute(\"data-secret\",r);if(s||a)(e=t.cloneNode(!0)).removeAttribute(\"security\"),t.parentNode.replaceChild(e,t);t.contentWindow.postMessage({message:\"ready\",secret:r},\"*\")}}}}(window,document);\n<\/script>\n","thumbnail_url":"https:\/\/www.fiestaclasica.org\/wp-content\/uploads\/2018\/10\/Not_agora_WhatsApp-Image2-2018-09-23-at-7.55.11-PM.jpeg","thumbnail_width":1280,"thumbnail_height":960,"description":"Notre orchestre symphonique juv\u00e9nile et notre choeur ont \u00e9t\u00e9 invit\u00e9s \u00e0 participer \u00e0 l\u2019activit\u00e9 \u201cArbre de l\u2019Esp\u00e9rance\u201d (\u00c1rbol de la Esperanza) \u00e0 l\u2019Agora Mall de Saint Domingue le 30 septembre dernier. L\u2019Arbre de l\u2019Esp\u00e9rance est une plateforme d\u00e9di\u00e9e aux causes sociales. Son objectif est d\u2019am\u00e9liorer la qualit\u00e9s de vie de personnes en conditions sp\u00e9ciales gr\u00e2ce&hellip;"}

Concert à Agora Mall - Fiesta Clasica

<blockquote class="wp-embedded-content" data-secret="E6SgEZ4R0W"><a href="https://www.fiestaclasica.org/fr/concert-a-agora-mall/">Concert à Agora Mall</a></blockquote><iframe sandbox="allow-scripts" security="restricted" src="https://www.fiestaclasica.org/fr/concert-a-agora-mall/embed/#?secret=E6SgEZ4R0W" width="600" height="338" title="« Concert à Agora Mall » &#8212; Fiesta Clasica" data-secret="E6SgEZ4R0W" frameborder="0" marginwidth="0" marginheight="0" scrolling="no" class="wp-embedded-content"></iframe><script>
/*! This file is auto-generated */
!function(c,d){"use strict";var e=!1,o=!1;if(d.querySelector)if(c.addEventListener)e=!0;if(c.wp=c.wp||{},c.wp.receiveEmbedMessage);else if(c.wp.receiveEmbedMessage=function(e){var t=e.data;if(!t);else if(!(t.secret||t.message||t.value));else if(/[^a-zA-Z0-9]/.test(t.secret));else{for(var r,s,a,i=d.querySelectorAll('iframe[data-secret="'+t.secret+'"]'),n=d.querySelectorAll('blockquote[data-secret="'+t.secret+'"]'),o=new RegExp("^https?:$","i"),l=0;l<n.length;l++)n[l].style.display="none";for(l=0;l<i.length;l++)if(r=i[l],e.source!==r.contentWindow);else{if(r.removeAttribute("style"),"height"===t.message){if(1e3<(s=parseInt(t.value,10)))s=1e3;else if(~~s<200)s=200;r.height=s}if("link"===t.message)if(s=d.createElement("a"),a=d.createElement("a"),s.href=r.getAttribute("src"),a.href=t.value,!o.test(a.protocol));else if(a.host===s.host)if(d.activeElement===r)c.top.location.href=t.value}}},e)c.addEventListener("message",c.wp.receiveEmbedMessage,!1),d.addEventListener("DOMContentLoaded",t,!1),c.addEventListener("load",t,!1);function t(){if(o);else{o=!0;for(var e,t,r,s=-1!==navigator.appVersion.indexOf("MSIE 10"),a=!!navigator.userAgent.match(/Trident.*rv:11\./),i=d.querySelectorAll("iframe.wp-embedded-content"),n=0;n<i.length;n++){if(!(r=(t=i[n]).getAttribute("data-secret")))r=Math.random().toString(36).substr(2,10),t.src+="#?secret="+r,t.setAttribute("data-secret",r);if(s||a)(e=t.cloneNode(!0)).removeAttribute("security"),t.parentNode.replaceChild(e,t);t.contentWindow.postMessage({message:"ready",secret:r},"*")}}}}(window,document);
</script>

Notre orchestre symphonique juvénile et notre choeur ont été invités à participer à l’activité “Arbre de l’Espérance” (Árbol de la Esperanza) à l’Agora Mall de Saint Domingue le 30 septembre dernier. L’Arbre de l’Espérance est une plateforme dédiée aux causes sociales. Son objectif est d’améliorer la qualités de vie de personnes en conditions spéciales grâce&hellip;
