{"id":10079,"date":"2019-09-05T16:35:55","date_gmt":"2019-09-05T16:35:55","guid":{"rendered":"http:\/\/www.fiestaclasica.org\/?page_id=10079"},"modified":"2019-11-11T19:16:58","modified_gmt":"2019-11-11T19:16:58","slug":"radetzky-march-january-23rd-2019","status":"publish","type":"page","link":"https:\/\/www.fiestaclasica.org\/en\/multimedia\/radetzky-march-january-23rd-2019\/","title":{"rendered":"Radetzky March &#8211; January 23rd, 2019"},"content":{"rendered":"[vc_row][vc_column el_class=&#8221;intro-gallery&#8221;][vc_raw_js]JTNDc2NyaXB0JTIwdHlwZSUzRCUyMnRleHQlMkZqYXZhc2NyaXB0JTIyJTNFJTBBZG9jdW1lbnQuZ2V0RWxlbWVudEJ5SWQlMjglMjJvdXRlci13cmFwJTIyJTI5LmNsYXNzTmFtZSUyMCUzRCUyMCUyMnBhZ2UtbWVkaWElMjIlM0IlMEElM0MlMkZzY3JpcHQlM0U=[\/vc_raw_js][vc_column_text]<span style=\"font-weight: 400;\">The Symphonic Orchestra of the foundation plays the Radetzky March by Richard Strauss in the framework of the Charity Concert organized on Jannuary 23<\/span><span style=\"font-weight: 400;\">rd<\/span><span style=\"font-weight: 400;\"> 2019 in the Fine Arts Palace of Santo Domingo. With the exceptional participation of Nemanja Radulovic (viol\u00edn), Fr\u00e9d\u00e9ric Dessus (viol\u00edn), Guillaume Fontanarosa (viol\u00edn), Kristina Atanasova (viola), Anne Biragnet (cello) y Nathana\u00ebl Malnoury (double bass) &#8211; The Devil&#8217;s Trills<\/span>[\/vc_column_text][\/vc_column][\/vc_row][vc_row][vc_column][vc_video link=&#8221;https:\/\/www.youtube.com\/watch?v=myTsFMKBLMY&#8221;][\/vc_column][\/vc_row]\n","protected":false},"excerpt":{"rendered":"<p>[vc_row][vc_column el_class=&#8221;intro-gallery&#8221;][vc_raw_js]JTNDc2NyaXB0JTIwdHlwZSUzRCUyMnRleHQlMkZqYXZhc2NyaXB0JTIyJTNFJTBBZG9jdW1lbnQuZ2V0RWxlbWVudEJ5SWQlMjglMjJvdXRlci13cmFwJTIyJTI5LmNsYXNzTmFtZSUyMCUzRCUyMCUyMnBhZ2UtbWVkaWElMjIlM0IlMEElM0MlMkZzY3JpcHQlM0U=[\/vc_raw_js][vc_column_text]The Symphonic Orchestra of the foundation plays the Radetzky March by Richard Strauss in the framework of the Charity Concert organized on Jannuary 23rd 2019 in the Fine Arts Palace of Santo Domingo. With the exceptional participation of Nemanja Radulovic (viol\u00edn), Fr\u00e9d\u00e9ric Dessus (viol\u00edn), Guillaume Fontanarosa (viol\u00edn), Kristina Atanasova (viola), Anne Biragnet (cello) y&hellip;<\/p>\n","protected":false},"author":1,"featured_media":8706,"parent":2285,"menu_order":0,"comment_status":"closed","ping_status":"closed","template":"","meta":[],"categories":[64],"tags":[],"yoast_head":"<!-- This site is optimized with the Yoast SEO plugin v20.7 - https:\/\/yoast.com\/wordpress\/plugins\/seo\/ -->\n<title>Radetzky March - January 23rd, 2019 - Fiesta Clasica<\/title>\n<meta name=\"robots\" content=\"index, follow, max-snippet:-1, max-image-preview:large, max-video-preview:-1\" \/>\n<link rel=\"canonical\" href=\"https:\/\/www.fiestaclasica.org\/en\/multimedia\/radetzky-march-january-23rd-2019\/\" \/>\n<meta property=\"og:locale\" content=\"en_US\" \/>\n<meta property=\"og:type\" content=\"article\" \/>\n<meta property=\"og:title\" content=\"Radetzky March - January 23rd, 2019 - Fiesta Clasica\" \/>\n<meta property=\"og:description\" content=\"[vc_row][vc_column el_class=&#8221;intro-gallery&#8221;][vc_raw_js]JTNDc2NyaXB0JTIwdHlwZSUzRCUyMnRleHQlMkZqYXZhc2NyaXB0JTIyJTNFJTBBZG9jdW1lbnQuZ2V0RWxlbWVudEJ5SWQlMjglMjJvdXRlci13cmFwJTIyJTI5LmNsYXNzTmFtZSUyMCUzRCUyMCUyMnBhZ2UtbWVkaWElMjIlM0IlMEElM0MlMkZzY3JpcHQlM0U=[\/vc_raw_js][vc_column_text]The Symphonic Orchestra of the foundation plays the Radetzky March by Richard Strauss in the framework of the Charity Concert organized on Jannuary 23rd 2019 in the Fine Arts Palace of Santo Domingo. With the exceptional participation of Nemanja Radulovic (viol\u00edn), Fr\u00e9d\u00e9ric Dessus (viol\u00edn), Guillaume Fontanarosa (viol\u00edn), Kristina Atanasova (viola), Anne Biragnet (cello) y&hellip;\" \/>\n<meta property=\"og:url\" content=\"https:\/\/www.fiestaclasica.org\/en\/multimedia\/radetzky-march-january-23rd-2019\/\" \/>\n<meta property=\"og:site_name\" content=\"Fiesta Clasica\" \/>\n<meta property=\"article:publisher\" content=\"https:\/\/www.facebook.com\/FiestaClasica\/\" \/>\n<meta property=\"article:modified_time\" content=\"2019-11-11T19:16:58+00:00\" \/>\n<meta property=\"og:image\" content=\"http:\/\/www.fiestaclasica.org\/wp-content\/uploads\/2019\/05\/Not_concierto_celado_2019_img_151.jpg\" \/>\n\t<meta property=\"og:image:width\" content=\"1280\" \/>\n\t<meta property=\"og:image:height\" content=\"960\" \/>\n\t<meta property=\"og:image:type\" content=\"image\/jpeg\" \/>\n<meta name=\"twitter:card\" content=\"summary_large_image\" \/>\n<meta name=\"twitter:site\" content=\"@fiestaclasica\" \/>\n<meta name=\"twitter:label1\" content=\"Est. reading time\" \/>\n\t<meta name=\"twitter:data1\" content=\"1 minute\" \/>\n<script type=\"application\/ld+json\" class=\"yoast-schema-graph\">{\"@context\":\"https:\/\/schema.org\",\"@graph\":[{\"@type\":\"WebPage\",\"@id\":\"https:\/\/www.fiestaclasica.org\/en\/multimedia\/radetzky-march-january-23rd-2019\/\",\"url\":\"https:\/\/www.fiestaclasica.org\/en\/multimedia\/radetzky-march-january-23rd-2019\/\",\"name\":\"Radetzky March - January 23rd, 2019 - Fiesta Clasica\",\"isPartOf\":{\"@id\":\"https:\/\/www.fiestaclasica.org\/#website\"},\"datePublished\":\"2019-09-05T16:35:55+00:00\",\"dateModified\":\"2019-11-11T19:16:58+00:00\",\"breadcrumb\":{\"@id\":\"https:\/\/www.fiestaclasica.org\/en\/multimedia\/radetzky-march-january-23rd-2019\/#breadcrumb\"},\"inLanguage\":\"en-US\",\"potentialAction\":[{\"@type\":\"ReadAction\",\"target\":[\"https:\/\/www.fiestaclasica.org\/en\/multimedia\/radetzky-march-january-23rd-2019\/\"]}]},{\"@type\":\"BreadcrumbList\",\"@id\":\"https:\/\/www.fiestaclasica.org\/en\/multimedia\/radetzky-march-january-23rd-2019\/#breadcrumb\",\"itemListElement\":[{\"@type\":\"ListItem\",\"position\":1,\"name\":\"Portada\",\"item\":\"https:\/\/www.fiestaclasica.org\/en\/\"},{\"@type\":\"ListItem\",\"position\":2,\"name\":\"Multimedia\",\"item\":\"https:\/\/www.fiestaclasica.org\/en\/multimedia\/\"},{\"@type\":\"ListItem\",\"position\":3,\"name\":\"Radetzky March &#8211; January 23rd, 2019\"}]},{\"@type\":\"WebSite\",\"@id\":\"https:\/\/www.fiestaclasica.org\/#website\",\"url\":\"https:\/\/www.fiestaclasica.org\/\",\"name\":\"Fiesta Clasica\",\"description\":\"Fiesta Clasica\",\"publisher\":{\"@id\":\"https:\/\/www.fiestaclasica.org\/#organization\"},\"potentialAction\":[{\"@type\":\"SearchAction\",\"target\":{\"@type\":\"EntryPoint\",\"urlTemplate\":\"https:\/\/www.fiestaclasica.org\/?s={search_term_string}\"},\"query-input\":\"required name=search_term_string\"}],\"inLanguage\":\"en-US\"},{\"@type\":\"Organization\",\"@id\":\"https:\/\/www.fiestaclasica.org\/#organization\",\"name\":\"fiesta clasica\",\"url\":\"https:\/\/www.fiestaclasica.org\/\",\"logo\":{\"@type\":\"ImageObject\",\"inLanguage\":\"en-US\",\"@id\":\"https:\/\/www.fiestaclasica.org\/#\/schema\/logo\/image\/\",\"url\":\"https:\/\/www.fiestaclasica.org\/wp-content\/uploads\/2016\/04\/logo-FC-prensa.jpg\",\"contentUrl\":\"https:\/\/www.fiestaclasica.org\/wp-content\/uploads\/2016\/04\/logo-FC-prensa.jpg\",\"width\":449,\"height\":261,\"caption\":\"fiesta clasica\"},\"image\":{\"@id\":\"https:\/\/www.fiestaclasica.org\/#\/schema\/logo\/image\/\"},\"sameAs\":[\"https:\/\/www.facebook.com\/FiestaClasica\/\",\"https:\/\/twitter.com\/fiestaclasica\",\"https:\/\/www.instagram.com\/fiestaclasica\/\",\"https:\/\/www.youtube.com\/channel\/UCt82JYKhPM3Th7pNLCA7-xw\"]}]}<\/script>\n<!-- \/ Yoast SEO plugin. -->","yoast_head_json":{"title":"Radetzky March - January 23rd, 2019 - Fiesta Clasica","robots":{"index":"index","follow":"follow","max-snippet":"max-snippet:-1","max-image-preview":"max-image-preview:large","max-video-preview":"max-video-preview:-1"},"canonical":"https:\/\/www.fiestaclasica.org\/en\/multimedia\/radetzky-march-january-23rd-2019\/","og_locale":"en_US","og_type":"article","og_title":"Radetzky March - January 23rd, 2019 - Fiesta Clasica","og_description":"[vc_row][vc_column el_class=&#8221;intro-gallery&#8221;][vc_raw_js]JTNDc2NyaXB0JTIwdHlwZSUzRCUyMnRleHQlMkZqYXZhc2NyaXB0JTIyJTNFJTBBZG9jdW1lbnQuZ2V0RWxlbWVudEJ5SWQlMjglMjJvdXRlci13cmFwJTIyJTI5LmNsYXNzTmFtZSUyMCUzRCUyMCUyMnBhZ2UtbWVkaWElMjIlM0IlMEElM0MlMkZzY3JpcHQlM0U=[\/vc_raw_js][vc_column_text]The Symphonic Orchestra of the foundation plays the Radetzky March by Richard Strauss in the framework of the Charity Concert organized on Jannuary 23rd 2019 in the Fine Arts Palace of Santo Domingo. With the exceptional participation of Nemanja Radulovic (viol\u00edn), Fr\u00e9d\u00e9ric Dessus (viol\u00edn), Guillaume Fontanarosa (viol\u00edn), Kristina Atanasova (viola), Anne Biragnet (cello) y&hellip;","og_url":"https:\/\/www.fiestaclasica.org\/en\/multimedia\/radetzky-march-january-23rd-2019\/","og_site_name":"Fiesta Clasica","article_publisher":"https:\/\/www.facebook.com\/FiestaClasica\/","article_modified_time":"2019-11-11T19:16:58+00:00","og_image":[{"width":1280,"height":960,"url":"http:\/\/www.fiestaclasica.org\/wp-content\/uploads\/2019\/05\/Not_concierto_celado_2019_img_151.jpg","type":"image\/jpeg"}],"twitter_card":"summary_large_image","twitter_site":"@fiestaclasica","twitter_misc":{"Est. reading time":"1 minute"},"schema":{"@context":"https:\/\/schema.org","@graph":[{"@type":"WebPage","@id":"https:\/\/www.fiestaclasica.org\/en\/multimedia\/radetzky-march-january-23rd-2019\/","url":"https:\/\/www.fiestaclasica.org\/en\/multimedia\/radetzky-march-january-23rd-2019\/","name":"Radetzky March - January 23rd, 2019 - Fiesta Clasica","isPartOf":{"@id":"https:\/\/www.fiestaclasica.org\/#website"},"datePublished":"2019-09-05T16:35:55+00:00","dateModified":"2019-11-11T19:16:58+00:00","breadcrumb":{"@id":"https:\/\/www.fiestaclasica.org\/en\/multimedia\/radetzky-march-january-23rd-2019\/#breadcrumb"},"inLanguage":"en-US","potentialAction":[{"@type":"ReadAction","target":["https:\/\/www.fiestaclasica.org\/en\/multimedia\/radetzky-march-january-23rd-2019\/"]}]},{"@type":"BreadcrumbList","@id":"https:\/\/www.fiestaclasica.org\/en\/multimedia\/radetzky-march-january-23rd-2019\/#breadcrumb","itemListElement":[{"@type":"ListItem","position":1,"name":"Portada","item":"https:\/\/www.fiestaclasica.org\/en\/"},{"@type":"ListItem","position":2,"name":"Multimedia","item":"https:\/\/www.fiestaclasica.org\/en\/multimedia\/"},{"@type":"ListItem","position":3,"name":"Radetzky March &#8211; January 23rd, 2019"}]},{"@type":"WebSite","@id":"https:\/\/www.fiestaclasica.org\/#website","url":"https:\/\/www.fiestaclasica.org\/","name":"Fiesta Clasica","description":"Fiesta Clasica","publisher":{"@id":"https:\/\/www.fiestaclasica.org\/#organization"},"potentialAction":[{"@type":"SearchAction","target":{"@type":"EntryPoint","urlTemplate":"https:\/\/www.fiestaclasica.org\/?s={search_term_string}"},"query-input":"required name=search_term_string"}],"inLanguage":"en-US"},{"@type":"Organization","@id":"https:\/\/www.fiestaclasica.org\/#organization","name":"fiesta clasica","url":"https:\/\/www.fiestaclasica.org\/","logo":{"@type":"ImageObject","inLanguage":"en-US","@id":"https:\/\/www.fiestaclasica.org\/#\/schema\/logo\/image\/","url":"https:\/\/www.fiestaclasica.org\/wp-content\/uploads\/2016\/04\/logo-FC-prensa.jpg","contentUrl":"https:\/\/www.fiestaclasica.org\/wp-content\/uploads\/2016\/04\/logo-FC-prensa.jpg","width":449,"height":261,"caption":"fiesta clasica"},"image":{"@id":"https:\/\/www.fiestaclasica.org\/#\/schema\/logo\/image\/"},"sameAs":["https:\/\/www.facebook.com\/FiestaClasica\/","https:\/\/twitter.com\/fiestaclasica","https:\/\/www.instagram.com\/fiestaclasica\/","https:\/\/www.youtube.com\/channel\/UCt82JYKhPM3Th7pNLCA7-xw"]}]}},"_links":{"self":[{"href":"https:\/\/www.fiestaclasica.org\/en\/wp-json\/wp\/v2\/pages\/10079\/"}],"collection":[{"href":"https:\/\/www.fiestaclasica.org\/en\/wp-json\/wp\/v2\/pages\/"}],"about":[{"href":"https:\/\/www.fiestaclasica.org\/en\/wp-json\/wp\/v2\/types\/page\/"}],"author":[{"embeddable":true,"href":"https:\/\/www.fiestaclasica.org\/en\/wp-json\/wp\/v2\/users\/1\/"}],"replies":[{"embeddable":true,"href":"https:\/\/www.fiestaclasica.org\/en\/wp-json\/wp\/v2\/comments\/?post=10079"}],"version-history":[{"count":3,"href":"https:\/\/www.fiestaclasica.org\/en\/wp-json\/wp\/v2\/pages\/10079\/revisions\/"}],"predecessor-version":[{"id":10623,"href":"https:\/\/www.fiestaclasica.org\/en\/wp-json\/wp\/v2\/pages\/10079\/revisions\/10623\/"}],"up":[{"embeddable":true,"href":"https:\/\/www.fiestaclasica.org\/en\/wp-json\/wp\/v2\/pages\/2285\/"}],"wp:featuredmedia":[{"embeddable":true,"href":"https:\/\/www.fiestaclasica.org\/en\/wp-json\/wp\/v2\/media\/8706\/"}],"wp:attachment":[{"href":"https:\/\/www.fiestaclasica.org\/en\/wp-json\/wp\/v2\/media\/?parent=10079"}],"wp:term":[{"taxonomy":"category","embeddable":true,"href":"https:\/\/www.fiestaclasica.org\/en\/wp-json\/wp\/v2\/categories\/?post=10079"},{"taxonomy":"post_tag","embeddable":true,"href":"https:\/\/www.fiestaclasica.org\/en\/wp-json\/wp\/v2\/tags\/?post=10079"}],"curies":[{"name":"wp","href":"https:\/\/api.w.org\/{rel}","templated":true}]}}

[vc_row][vc_column el_class=&#8221;intro-gallery&#8221;][vc_raw_js]JTNDc2NyaXB0JTIwdHlwZSUzRCUyMnRleHQlMkZqYXZhc2NyaXB0JTIyJTNFJTBBZG9jdW1lbnQuZ2V0RWxlbWVudEJ5SWQlMjglMjJvdXRlci13cmFwJTIyJTI5LmNsYXNzTmFtZSUyMCUzRCUyMCUyMnBhZ2UtbWVkaWElMjIlM0IlMEElM0MlMkZzY3JpcHQlM0U=[/vc_raw_js][vc_column_text]<span style="font-weight: 400;">The Symphonic Orchestra of the foundation plays the Radetzky March by Richard Strauss in the framework of the Charity Concert organized on Jannuary 23</span><span style="font-weight: 400;">rd</span><span style="font-weight: 400;"> 2019 in the Fine Arts Palace of Santo Domingo. With the exceptional participation of Nemanja Radulovic (violín), Frédéric Dessus (violín), Guillaume Fontanarosa (violín), Kristina Atanasova (viola), Anne Biragnet (cello) y Nathanaël Malnoury (double bass) &#8211; The Devil&#8217;s Trills</span>[/vc_column_text][/vc_column][/vc_row][vc_row][vc_column][vc_video link=&#8221;https://www.youtube.com/watch?v=myTsFMKBLMY&#8221;][/vc_column][/vc_row]

<p>[vc_row][vc_column el_class=&#8221;intro-gallery&#8221;][vc_raw_js]JTNDc2NyaXB0JTIwdHlwZSUzRCUyMnRleHQlMkZqYXZhc2NyaXB0JTIyJTNFJTBBZG9jdW1lbnQuZ2V0RWxlbWVudEJ5SWQlMjglMjJvdXRlci13cmFwJTIyJTI5LmNsYXNzTmFtZSUyMCUzRCUyMCUyMnBhZ2UtbWVkaWElMjIlM0IlMEElM0MlMkZzY3JpcHQlM0U=[/vc_raw_js][vc_column_text]The Symphonic Orchestra of the foundation plays the Radetzky March by Richard Strauss in the framework of the Charity Concert organized on Jannuary 23rd 2019 in the Fine Arts Palace of Santo Domingo. With the exceptional participation of Nemanja Radulovic (violín), Frédéric Dessus (violín), Guillaume Fontanarosa (violín), Kristina Atanasova (viola), Anne Biragnet (cello) y&hellip;</p>

<!-- This site is optimized with the Yoast SEO plugin v20.7 - https://yoast.com/wordpress/plugins/seo/ -->
<title>Radetzky March - January 23rd, 2019 - Fiesta Clasica</title>
<meta name="robots" content="index, follow, max-snippet:-1, max-image-preview:large, max-video-preview:-1" />
<link rel="canonical" href="https://www.fiestaclasica.org/en/multimedia/radetzky-march-january-23rd-2019/" />
<meta property="og:locale" content="en_US" />
<meta property="og:type" content="article" />
<meta property="og:title" content="Radetzky March - January 23rd, 2019 - Fiesta Clasica" />
<meta property="og:description" content="[vc_row][vc_column el_class=&#8221;intro-gallery&#8221;][vc_raw_js]JTNDc2NyaXB0JTIwdHlwZSUzRCUyMnRleHQlMkZqYXZhc2NyaXB0JTIyJTNFJTBBZG9jdW1lbnQuZ2V0RWxlbWVudEJ5SWQlMjglMjJvdXRlci13cmFwJTIyJTI5LmNsYXNzTmFtZSUyMCUzRCUyMCUyMnBhZ2UtbWVkaWElMjIlM0IlMEElM0MlMkZzY3JpcHQlM0U=[/vc_raw_js][vc_column_text]The Symphonic Orchestra of the foundation plays the Radetzky March by Richard Strauss in the framework of the Charity Concert organized on Jannuary 23rd 2019 in the Fine Arts Palace of Santo Domingo. With the exceptional participation of Nemanja Radulovic (violín), Frédéric Dessus (violín), Guillaume Fontanarosa (violín), Kristina Atanasova (viola), Anne Biragnet (cello) y&hellip;" />
<meta property="og:url" content="https://www.fiestaclasica.org/en/multimedia/radetzky-march-january-23rd-2019/" />
<meta property="og:site_name" content="Fiesta Clasica" />
<meta property="article:publisher" content="https://www.facebook.com/FiestaClasica/" />
<meta property="article:modified_time" content="2019-11-11T19:16:58+00:00" />
<meta property="og:image" content="http://www.fiestaclasica.org/wp-content/uploads/2019/05/Not_concierto_celado_2019_img_151.jpg" />
	<meta property="og:image:width" content="1280" />
	<meta property="og:image:height" content="960" />
	<meta property="og:image:type" content="image/jpeg" />
<meta name="twitter:card" content="summary_large_image" />
<meta name="twitter:site" content="@fiestaclasica" />
<meta name="twitter:label1" content="Est. reading time" />
	<meta name="twitter:data1" content="1 minute" />
<script type="application/ld+json" class="yoast-schema-graph">{"@context":"https://schema.org","@graph":[{"@type":"WebPage","@id":"https://www.fiestaclasica.org/en/multimedia/radetzky-march-january-23rd-2019/","url":"https://www.fiestaclasica.org/en/multimedia/radetzky-march-january-23rd-2019/","name":"Radetzky March - January 23rd, 2019 - Fiesta Clasica","isPartOf":{"@id":"https://www.fiestaclasica.org/#website"},"datePublished":"2019-09-05T16:35:55+00:00","dateModified":"2019-11-11T19:16:58+00:00","breadcrumb":{"@id":"https://www.fiestaclasica.org/en/multimedia/radetzky-march-january-23rd-2019/#breadcrumb"},"inLanguage":"en-US","potentialAction":[{"@type":"ReadAction","target":["https://www.fiestaclasica.org/en/multimedia/radetzky-march-january-23rd-2019/"]}]},{"@type":"BreadcrumbList","@id":"https://www.fiestaclasica.org/en/multimedia/radetzky-march-january-23rd-2019/#breadcrumb","itemListElement":[{"@type":"ListItem","position":1,"name":"Portada","item":"https://www.fiestaclasica.org/en/"},{"@type":"ListItem","position":2,"name":"Multimedia","item":"https://www.fiestaclasica.org/en/multimedia/"},{"@type":"ListItem","position":3,"name":"Radetzky March &#8211; January 23rd, 2019"}]},{"@type":"WebSite","@id":"https://www.fiestaclasica.org/#website","url":"https://www.fiestaclasica.org/","name":"Fiesta Clasica","description":"Fiesta Clasica","publisher":{"@id":"https://www.fiestaclasica.org/#organization"},"potentialAction":[{"@type":"SearchAction","target":{"@type":"EntryPoint","urlTemplate":"https://www.fiestaclasica.org/?s={search_term_string}"},"query-input":"required name=search_term_string"}],"inLanguage":"en-US"},{"@type":"Organization","@id":"https://www.fiestaclasica.org/#organization","name":"fiesta clasica","url":"https://www.fiestaclasica.org/","logo":{"@type":"ImageObject","inLanguage":"en-US","@id":"https://www.fiestaclasica.org/#/schema/logo/image/","url":"https://www.fiestaclasica.org/wp-content/uploads/2016/04/logo-FC-prensa.jpg","contentUrl":"https://www.fiestaclasica.org/wp-content/uploads/2016/04/logo-FC-prensa.jpg","width":449,"height":261,"caption":"fiesta clasica"},"image":{"@id":"https://www.fiestaclasica.org/#/schema/logo/image/"},"sameAs":["https://www.facebook.com/FiestaClasica/","https://twitter.com/fiestaclasica","https://www.instagram.com/fiestaclasica/","https://www.youtube.com/channel/UCt82JYKhPM3Th7pNLCA7-xw"]}]}</script>
<!-- / Yoast SEO plugin. -->

[vc_row][vc_column el_class=&#8221;intro-gallery&#8221;][vc_raw_js]JTNDc2NyaXB0JTIwdHlwZSUzRCUyMnRleHQlMkZqYXZhc2NyaXB0JTIyJTNFJTBBZG9jdW1lbnQuZ2V0RWxlbWVudEJ5SWQlMjglMjJvdXRlci13cmFwJTIyJTI5LmNsYXNzTmFtZSUyMCUzRCUyMCUyMnBhZ2UtbWVkaWElMjIlM0IlMEElM0MlMkZzY3JpcHQlM0U=[/vc_raw_js][vc_column_text]The Symphonic Orchestra of the foundation plays the Radetzky March by Richard Strauss in the framework of the Charity Concert organized on Jannuary 23rd 2019 in the Fine Arts Palace of Santo Domingo. With the exceptional participation of Nemanja Radulovic (violín), Frédéric Dessus (violín), Guillaume Fontanarosa (violín), Kristina Atanasova (viola), Anne Biragnet (cello) y&hellip;
