{"version":"1.0","provider_name":"Fiesta Clasica","provider_url":"https:\/\/www.fiestaclasica.org\/en\/","author_name":"webzwin","author_url":"https:\/\/www.fiestaclasica.org\/en\/author\/webzwin\/","title":"Radetzky March - January 23rd, 2019 - Fiesta Clasica","type":"rich","width":600,"height":338,"html":"<blockquote class=\"wp-embedded-content\" data-secret=\"5r6ijRHGKg\"><a href=\"https:\/\/www.fiestaclasica.org\/en\/multimedia\/radetzky-march-january-23rd-2019\/\">Radetzky March &#8211; January 23rd, 2019<\/a><\/blockquote><iframe sandbox=\"allow-scripts\" security=\"restricted\" src=\"https:\/\/www.fiestaclasica.org\/en\/multimedia\/radetzky-march-january-23rd-2019\/embed\/#?secret=5r6ijRHGKg\" width=\"600\" height=\"338\" title=\"&#8220;Radetzky March &#8211; January 23rd, 2019&#8221; &#8212; Fiesta Clasica\" data-secret=\"5r6ijRHGKg\" frameborder=\"0\" marginwidth=\"0\" marginheight=\"0\" scrolling=\"no\" class=\"wp-embedded-content\"><\/iframe><script>\n\/*! This file is auto-generated *\/\n!function(c,d){\"use strict\";var e=!1,o=!1;if(d.querySelector)if(c.addEventListener)e=!0;if(c.wp=c.wp||{},c.wp.receiveEmbedMessage);else if(c.wp.receiveEmbedMessage=function(e){var t=e.data;if(!t);else if(!(t.secret||t.message||t.value));else if(\/[^a-zA-Z0-9]\/.test(t.secret));else{for(var r,s,a,i=d.querySelectorAll('iframe[data-secret=\"'+t.secret+'\"]'),n=d.querySelectorAll('blockquote[data-secret=\"'+t.secret+'\"]'),o=new RegExp(\"^https?:$\",\"i\"),l=0;l<n.length;l++)n[l].style.display=\"none\";for(l=0;l<i.length;l++)if(r=i[l],e.source!==r.contentWindow);else{if(r.removeAttribute(\"style\"),\"height\"===t.message){if(1e3<(s=parseInt(t.value,10)))s=1e3;else if(~~s<200)s=200;r.height=s}if(\"link\"===t.message)if(s=d.createElement(\"a\"),a=d.createElement(\"a\"),s.href=r.getAttribute(\"src\"),a.href=t.value,!o.test(a.protocol));else if(a.host===s.host)if(d.activeElement===r)c.top.location.href=t.value}}},e)c.addEventListener(\"message\",c.wp.receiveEmbedMessage,!1),d.addEventListener(\"DOMContentLoaded\",t,!1),c.addEventListener(\"load\",t,!1);function t(){if(o);else{o=!0;for(var e,t,r,s=-1!==navigator.appVersion.indexOf(\"MSIE 10\"),a=!!navigator.userAgent.match(\/Trident.*rv:11\\.\/),i=d.querySelectorAll(\"iframe.wp-embedded-content\"),n=0;n<i.length;n++){if(!(r=(t=i[n]).getAttribute(\"data-secret\")))r=Math.random().toString(36).substr(2,10),t.src+=\"#?secret=\"+r,t.setAttribute(\"data-secret\",r);if(s||a)(e=t.cloneNode(!0)).removeAttribute(\"security\"),t.parentNode.replaceChild(e,t);t.contentWindow.postMessage({message:\"ready\",secret:r},\"*\")}}}}(window,document);\n<\/script>\n","thumbnail_url":"http:\/\/www.fiestaclasica.org\/wp-content\/uploads\/2019\/05\/Not_concierto_celado_2019_img_151.jpg","thumbnail_width":1280,"thumbnail_height":960,"description":"[vc_row][vc_column el_class=&#8221;intro-gallery&#8221;][vc_raw_js]JTNDc2NyaXB0JTIwdHlwZSUzRCUyMnRleHQlMkZqYXZhc2NyaXB0JTIyJTNFJTBBZG9jdW1lbnQuZ2V0RWxlbWVudEJ5SWQlMjglMjJvdXRlci13cmFwJTIyJTI5LmNsYXNzTmFtZSUyMCUzRCUyMCUyMnBhZ2UtbWVkaWElMjIlM0IlMEElM0MlMkZzY3JpcHQlM0U=[\/vc_raw_js][vc_column_text]The Symphonic Orchestra of the foundation plays the Radetzky March by Richard Strauss in the framework of the Charity Concert organized on Jannuary 23rd 2019 in the Fine Arts Palace of Santo Domingo. With the exceptional participation of Nemanja Radulovic (viol\u00edn), Fr\u00e9d\u00e9ric Dessus (viol\u00edn), Guillaume Fontanarosa (viol\u00edn), Kristina Atanasova (viola), Anne Biragnet (cello) y&hellip;"}

[vc_row][vc_column el_class=&#8221;intro-gallery&#8221;][vc_raw_js]JTNDc2NyaXB0JTIwdHlwZSUzRCUyMnRleHQlMkZqYXZhc2NyaXB0JTIyJTNFJTBBZG9jdW1lbnQuZ2V0RWxlbWVudEJ5SWQlMjglMjJvdXRlci13cmFwJTIyJTI5LmNsYXNzTmFtZSUyMCUzRCUyMCUyMnBhZ2UtbWVkaWElMjIlM0IlMEElM0MlMkZzY3JpcHQlM0U=[/vc_raw_js][vc_column_text]The Symphonic Orchestra of the foundation plays the Radetzky March by Richard Strauss in the framework of the Charity Concert organized on Jannuary 23rd 2019 in the Fine Arts Palace of Santo Domingo. With the exceptional participation of Nemanja Radulovic (violín), Frédéric Dessus (violín), Guillaume Fontanarosa (violín), Kristina Atanasova (viola), Anne Biragnet (cello) y&hellip;
